000
CDUS46 KSEW 050832
CLIUIL


CLIMATE REPORT
NATIONAL WEATHER SERVICE SEATTLE WA
132 AM PDT TUE MAY 5 2015


...................................

...THE QUILLAYUTE WA AIRPORT CLIMATE SUMMARY FOR MAY 4 2015...

CLIMATE NORMAL PERIOD 1981 TO 2010
CLIMATE RECORD PERIOD 1966 TO 2015


WEATHER ITEM   OBSERVED TIME   RECORD YEAR NORMAL DEPARTURE LAST
                VALUE   (LST)  VALUE       VALUE  FROM      YEAR
                                                  NORMAL
..................................................................
TEMPERATURE (F)
 YESTERDAY
  MAXIMUM         55    409 PM  82    2013  58     -3       57
  MINIMUM         43   1242 AM  31    2011  41      2       47
                                      1969
  AVERAGE         49                        49      0       52

PRECIPITATION (IN)
  YESTERDAY        0.05          1.17 2001   0.19  -0.14     0.69
  MONTH TO DATE    0.06                      0.77  -0.71     1.89
  SINCE OCT 1     85.54                     83.41   2.13    67.40
  SINCE JAN 1     40.79                     44.41  -3.62    50.17

DEGREE DAYS
 HEATING
  YESTERDAY       16                        16      0       13
  MONTH TO DATE   61                        64     -3       37
  SINCE MAR 1   1120                      1261   -141     1125
  SINCE JUL 1   4030                      5106  -1076     4319

 COOLING
  YESTERDAY        0                         0      0        0
  MONTH TO DATE    0                         0      0        2
  SINCE MAR 1      0                         0      0        4
  SINCE JAN 1      0                         0      0        4
..................................................................


WIND (MPH)
  RESULTANT WIND SPEED   5   RESULTANT WIND DIRECTION   S (190)
  HIGHEST WIND SPEED    16   HIGHEST WIND DIRECTION     S (190)
  HIGHEST GUST SPEED    26   HIGHEST GUST DIRECTION     S (190)
  AVERAGE WIND SPEED     5.4


SKY COVER
  AVERAGE SKY COVER 0.9


WEATHER CONDITIONS
 THE FOLLOWING WEATHER WAS RECORDED YESTERDAY.
  LIGHT RAIN
  FOG


RELATIVE HUMIDITY (PERCENT)
 HIGHEST   100          1200 AM
 LOWEST     66          1100 AM
 AVERAGE    83

..........................................................


THE QUILLAYUTE WA AIRPORT CLIMATE NORMALS FOR TODAY
                         NORMAL    RECORD    YEAR
 MAXIMUM TEMPERATURE (F)   58        88      2013
 MINIMUM TEMPERATURE (F)   41        33      1981
                                             1978


SUNRISE AND SUNSET
MAY  5 2015...........SUNRISE   554 AM PDT   SUNSET   837 PM PDT
MAY  6 2015...........SUNRISE   552 AM PDT   SUNSET   838 PM PDT


-  INDICATES NEGATIVE NUMBERS.
R  INDICATES RECORD WAS SET OR TIED.
MM INDICATES DATA IS MISSING.
T  INDICATES TRACE AMOUNT.




$$
