000
CDUS44 KCRP 210034 RRA
CLIVCT

CLIMATE REPORT
NATIONAL WEATHER SERVICE CORPUS CHRISTI TX
729 PM CDT MON APR 20 2015


...................................

...THE VICTORIA CLIMATE SUMMARY FOR APRIL 20 2015...
VALID TODAY AS OF 700 PM LOCAL TIME.

CLIMATE NORMAL PERIOD 1981 TO 2010
CLIMATE RECORD PERIOD 1893 TO 2015


WEATHER ITEM   OBSERVED TIME   RECORD YEAR NORMAL DEPARTURE LAST
                VALUE   (LST)  VALUE       VALUE  FROM      YEAR
                                                  NORMAL
..................................................................
TEMPERATURE (F)
 TODAY
  MAXIMUM         71    150 PM  93    1903  81    -10       81
  MINIMUM         60    653 AM  37    2013  61     -1       58
  AVERAGE         66                        71     -5       70

PRECIPITATION (IN)
  TODAY            0.00          4.99 1985   0.08  -0.08     0.00
  MONTH TO DATE    4.85                      1.78   3.07     0.38
  SINCE MAR 1     13.22                      4.55   8.67     2.00
  SINCE JAN 1     17.27                      9.15   8.12     3.66

SNOWFALL (IN)
  TODAY            0.0
  MONTH TO DATE    0.0
  SINCE MAR 1      0.0
  SINCE JUL 1      0.0
  SNOW DEPTH       0

DEGREE DAYS
 HEATING
  TODAY            0                         1     -1        0
  MONTH TO DATE    0                        27    -27       32
  SINCE MAR 1    139                       152    -13      237
  SINCE JUL 1   1219                      1245    -26     1490

 COOLING
  TODAY            1                         7     -6        5
  MONTH TO DATE  152                       101     51       86
  SINCE MAR 1    212                       175     37      138
  SINCE JAN 1    227                       213     14      196
..................................................................


WIND (MPH)
  HIGHEST WIND SPEED    23   HIGHEST WIND DIRECTION     N (10)
  HIGHEST GUST SPEED    28   HIGHEST GUST DIRECTION     N (10)


SKY COVER
  POSSIBLE SUNSHINE  MM
  AVERAGE SKY COVER 0.0


WEATHER CONDITIONS
 THE FOLLOWING WEATHER WAS RECORDED TODAY.
  FOG


RELATIVE HUMIDITY (PERCENT)
 HIGHEST   100          1200 AM
 LOWEST     44          1200 PM
 AVERAGE    72

..........................................................


THE VICTORIA CLIMATE NORMALS FOR TOMORROW
                         NORMAL    RECORD    YEAR
 MAXIMUM TEMPERATURE (F)   82        94      2009
                                             1909
 MINIMUM TEMPERATURE (F)   61        45      1953


SUNRISE AND SUNSET
APRIL 20 2015.........SUNRISE   657 AM CDT   SUNSET   757 PM CDT
APRIL 21 2015.........SUNRISE   656 AM CDT   SUNSET   757 PM CDT


-  INDICATES NEGATIVE NUMBERS.
R  INDICATES RECORD WAS SET OR TIED.
MM INDICATES DATA IS MISSING.
T  INDICATES TRACE AMOUNT.




$$
