000
CDUS42 KTAE 202130
CLIVLD


CLIMATE REPORT
NATIONAL WEATHER SERVICE TALLAHASSEE FL
529 PM EDT MON APR 20 2015


...................................

...THE VALDOSTA CLIMATE SUMMARY FOR APRIL 20 2015...
VALID TODAY AS OF 0500 PM LOCAL TIME.

CLIMATE NORMAL PERIOD 1981 TO 2010
CLIMATE RECORD PERIOD 1948 TO 2015


WEATHER ITEM   OBSERVED TIME   NORMAL DEPARTURE LAST
                VALUE   (LST)  VALUE  FROM      YEAR
                                      NORMAL
......................................................
TEMPERATURE (F)
 TODAY
  MAXIMUM         72   1106 AM  80     -8       65
  MINIMUM         61    512 AM  53      8       55
  AVERAGE         67            67      0       60

PRECIPITATION (IN)
  TODAY            0.04          0.09  -0.05      T
  MONTH TO DATE    3.51          2.14   1.37     8.20
  SINCE MAR 1      6.01          7.01  -1.00    12.36
  SINCE JAN 1     15.17         15.74  -0.57    18.50

......................................................







THE VALDOSTA CLIMATE NORMALS FOR TOMORROW
                         NORMAL
 MAXIMUM TEMPERATURE (F)   81
 MINIMUM TEMPERATURE (F)   54



-  INDICATES NEGATIVE NUMBERS.
R  INDICATES RECORD WAS SET OR TIED.
MM INDICATES DATA IS MISSING.
T  INDICATES TRACE AMOUNT.




$$
