000
CDUS41 KBTV 280613
CLIVSF


CLIMATE REPORT
NATIONAL WEATHER SERVICE BURLINGTON VT
212 AM EDT TUE APR 28 2015


...................................

...THE SPRINGFIELD VT CLIMATE SUMMARY FOR APRIL 27 2015...

CLIMATE NORMAL PERIOD 1981 TO 2010
CLIMATE RECORD PERIOD 9999 TO 9999


WEATHER ITEM   OBSERVED TIME   NORMAL DEPARTURE LAST
                VALUE   (LST)  VALUE  FROM      YEAR
                                      NORMAL
......................................................
TEMPERATURE (F)
 YESTERDAY
  MAXIMUM         52    201 PM  62    -10       47
  MINIMUM         42    148 AM  37      5       38
  AVERAGE         47            49     -2       43

PRECIPITATION (IN)
  YESTERDAY        T             0.10  -0.10     0.02
  MONTH TO DATE    2.24          3.30  -1.06     2.94
  SINCE MAR 1      3.09          6.60  -3.51     4.96
  SINCE JAN 1      7.24         12.21  -4.97     8.65

DEGREE DAYS
 HEATING
  YESTERDAY       18            16      2       22
  MONTH TO DATE  617           579     38      584
  SINCE MAR 1   1816          1614    202     1856
  SINCE JUL 1   7368          7059    309     7567

 COOLING
  YESTERDAY        0             0      0        0
  MONTH TO DATE    0             0      0        0
  SINCE MAR 1      0             0      0        0
  SINCE JAN 1      0             0      0        0
......................................................


WIND (MPH)
  HIGHEST WIND SPEED    17   HIGHEST WIND DIRECTION     N (340)
  HIGHEST GUST SPEED    31   HIGHEST GUST DIRECTION     N (350)
  AVERAGE WIND SPEED     7.7


SKY COVER
  AVERAGE SKY COVER 1.0


WEATHER CONDITIONS
 THE FOLLOWING WEATHER WAS RECORDED YESTERDAY.
  LIGHT RAIN


RELATIVE HUMIDITY (PERCENT)
 HIGHEST    76           500 AM
 LOWEST     52          1000 AM
 AVERAGE    64

..........................................................


THE SPRINGFIELD VT CLIMATE NORMALS FOR TODAY
                         NORMAL    RECORD    YEAR
 MAXIMUM TEMPERATURE (F)   62        89      2009
 MINIMUM TEMPERATURE (F)   37        26      2006


SUNRISE AND SUNSET
APRIL 28 2015.........SUNRISE   548 AM EDT   SUNSET   748 PM EDT
APRIL 29 2015.........SUNRISE   546 AM EDT   SUNSET   749 PM EDT


-  INDICATES NEGATIVE NUMBERS.
R  INDICATES RECORD WAS SET OR TIED.
MM INDICATES DATA IS MISSING.
T  INDICATES TRACE AMOUNT.




$$
