000
CDUS43 KLBF 032213
CLIVTN

CLIMATE REPORT
NATIONAL WEATHER SERVICE NORTH PLATTE
512 PM CDT SUN MAY 3 2015


...................................

...THE VALENTINE NE CLIMATE SUMMARY FOR MAY 3 2015...
VALID TODAY AS OF 0500 PM LOCAL TIME.

CLIMATE NORMAL PERIOD 1981 TO 2010
CLIMATE RECORD PERIOD 1885 TO 2015


WEATHER ITEM   OBSERVED TIME   RECORD YEAR NORMAL DEPARTURE LAST
                VALUE   (LST)  VALUE       VALUE  FROM      YEAR
                                                  NORMAL
..................................................................
TEMPERATURE (F)
 TODAY
  MAXIMUM         74    404 PM  89    1982  67      7       73
  MINIMUM         42    445 AM  18    2005  40      2       36
  AVERAGE         58                        53      5       55

PRECIPITATION (IN)
  TODAY            0.00          1.27 1905   0.10  -0.10     0.00
  MONTH TO DATE    0.08                      0.28  -0.20     0.00
  SINCE MAR 1      1.73                      3.57  -1.84     3.54
  SINCE JAN 1      2.35                      4.31  -1.96     4.20

SNOWFALL (IN)
  TODAY            0.0           2.3  1917   0.0    0.0      0.0
  MONTH TO DATE    0.0                       0.0    0.0      0.0
  SINCE MAR 1      0.8                      11.1  -10.3      8.3
  SINCE JUL 1     22.5                      33.2  -10.7     34.8
  SNOW DEPTH       0

DEGREE DAYS
 HEATING
  TODAY            7                        12     -5       10
  MONTH TO DATE   12                        38    -26       44
  SINCE MAR 1   1150                      1485   -335     1539
  SINCE JUL 1   6276                      6721   -445     7017

 COOLING
  TODAY            0                         0      0        0
  MONTH TO DATE    1                         0      1        0
  SINCE MAR 1      3                         4     -1        0
  SINCE JAN 1      3                         4     -1        0
..................................................................


WIND (MPH)
  HIGHEST WIND SPEED    29   HIGHEST WIND DIRECTION    NE (40)
  HIGHEST GUST SPEED    40   HIGHEST GUST DIRECTION    NE (40)
  AVERAGE WIND SPEED    12.9


SKY COVER
  POSSIBLE SUNSHINE  MM
  AVERAGE SKY COVER 0.0


WEATHER CONDITIONS
 THE FOLLOWING WEATHER WAS RECORDED TODAY.
  LIGHT RAIN


RELATIVE HUMIDITY (PERCENT)
 HIGHEST    89           500 AM
 LOWEST     29          1200 PM
 AVERAGE    59

..........................................................


THE VALENTINE NE CLIMATE NORMALS FOR TOMORROW
                         NORMAL    RECORD    YEAR
 MAXIMUM TEMPERATURE (F)   67        93      2000
                                             1986
                                             1966
 MINIMUM TEMPERATURE (F)   40        24      2013
                                             1945


SUNRISE AND SUNSET
MAY  3 2015...........SUNRISE   634 AM CDT   SUNSET   845 PM CDT
MAY  4 2015...........SUNRISE   633 AM CDT   SUNSET   846 PM CDT


-  INDICATES NEGATIVE NUMBERS.
R  INDICATES RECORD WAS SET OR TIED.
MM INDICATES DATA IS MISSING.
T  INDICATES TRACE AMOUNT.

$$
