000
CDUS46 KPDT 280034
CLIYKM

CLIMATE REPORT
NATIONAL WEATHER SERVICE PENDLETON OR
531 PM PDT MON APR 27 2015


...................................

...THE YAKIMA WA CLIMATE SUMMARY FOR APRIL 27 2015...
VALID TODAY AS OF 0500 PM LOCAL TIME.

CLIMATE NORMAL PERIOD 1981 TO 2010
CLIMATE RECORD PERIOD 1946 TO 2015


WEATHER ITEM   OBSERVED TIME   RECORD YEAR NORMAL DEPARTURE LAST
                VALUE   (LST)  VALUE       VALUE  FROM      YEAR
                                                  NORMAL
..................................................................
TEMPERATURE (F)
 TODAY
  MAXIMUM         78    358 PM  87    1987  67     11       60
  MINIMUM         43    426 AM  25    1999  37      6       43
  AVERAGE         61                        52      9       52

PRECIPITATION (IN)
  TODAY            0.00          0.42 1962   0.02  -0.02      T
  MONTH TO DATE    T                         0.49  -0.49     0.46
  SINCE OCT 1      4.52                      6.15  -1.63     3.62
  SINCE JAN 1      2.42                      3.03  -0.61     2.79

SNOWFALL (IN)
  TODAY            0.0           0.0  2002   0.0    0.0      0.0
                                      2001
                                      2000
  MONTH TO DATE    0.0                       0.0    0.0      0.0
  SINCE JAN 1      1.6                       8.6   -7.0     19.9
  SINCE JUL 1      1.6                      21.6  -20.0     19.9
  SNOW DEPTH       0

DEGREE DAYS
 HEATING
  TODAY            4                        13     -9       13
  MONTH TO DATE  364                       438    -74      345
  SINCE MAR 1    818                      1115   -297      979
  SINCE JUL 1   4400                      5642  -1242     5381

 COOLING
  TODAY            0                         0      0        0
  MONTH TO DATE    0                         0      0        0
  SINCE MAR 1      0                         0      0        0
  SINCE JAN 1      0                         0      0        0
..................................................................


WIND (MPH)
  HIGHEST WIND SPEED    12   HIGHEST WIND DIRECTION     S (160)
  HIGHEST GUST SPEED    16   HIGHEST GUST DIRECTION    SE (150)
  AVERAGE WIND SPEED     4.6


SKY COVER
  POSSIBLE SUNSHINE  MM
  AVERAGE SKY COVER 0.2


WEATHER CONDITIONS
 THE FOLLOWING WEATHER WAS RECORDED TODAY.
  HAZE


RELATIVE HUMIDITY (PERCENT)
 HIGHEST    65           400 AM
 LOWEST     28          1100 AM
 AVERAGE    47

..........................................................


THE YAKIMA WA CLIMATE NORMALS FOR TOMORROW
                         NORMAL    RECORD    YEAR
 MAXIMUM TEMPERATURE (F)   67        89      1987
 MINIMUM TEMPERATURE (F)   37        27      1999
                                             1984


SUNRISE AND SUNSET
APRIL 27 2015.........SUNRISE   554 AM PDT   SUNSET   806 PM PDT
APRIL 28 2015.........SUNRISE   553 AM PDT   SUNSET   807 PM PDT


-  INDICATES NEGATIVE NUMBERS.
R  INDICATES RECORD WAS SET OR TIED.
MM INDICATES DATA IS MISSING.
T  INDICATES TRACE AMOUNT.




$$
