000
CXUS51 KBOX 011512
CLMBDL


CLIMATE REPORT
NATIONAL WEATHER SERVICE TAUNTON MA
1040 AM EDT FRI MAY 1 2015

...................................

...THE HARTFORD CT CLIMATE SUMMARY FOR THE MONTH OF APRIL 2015...

CLIMATE NORMAL PERIOD 1981 TO 2010
CLIMATE RECORD PERIOD 1904 TO 2015

WEATHER         OBSERVED          NORMAL  DEPART
                 VALUE   DATE(S)  VALUE   FROM
                                          NORMAL
................................................
TEMPERATURE (F)
RECORD
 HIGH              96   04/19/1976
 LOW                9   04/01/1970
HIGHEST            81   04/18
LOWEST             26   04/02
AVG. MAXIMUM     60.8              60.5     0.3
AVG. MINIMUM     38.1              38.4    -0.3
MEAN             49.5              49.4     0.1
DAYS MAX >= 90      0               0.2    -0.2
DAYS MAX <= 32      0               0.0     0.0
DAYS MIN <= 32      7               6.4     0.6
DAYS MIN <= 0       0               0.0     0.0

PRECIPITATION (INCHES)
RECORD
 MAXIMUM         9.90   1983
 MINIMUM         0.65   1942
TOTALS           3.40              3.72   -0.32
DAYS >= .01        11              11.2    -0.2
DAYS >= .10         8               6.8     1.2
DAYS >= .50         2               2.3    -0.3
DAYS >= 1.00        1               0.9     0.1
GREATEST
 24 HR. TOTAL    1.53   04/20 TO 04/21

SNOWFALL (INCHES)
RECORDS
 TOTAL           14.3   1982
 SNOW DEPTH      14     1982
TOTALS              T               1.4    -1.4
SINCE 7/1        63.8              40.5    23.3
SNOWDEPTH AVG.      0
GREATEST
 SNOW DEPTH         0   MM
 24 HR TOTAL        T   04/23 TO 04/23
                        04/24 TO 04/24

DEGREE_DAYS
HEATING TOTAL     460               472     -12
 SINCE 7/1       6103              5753     350
COOLING TOTAL       0                 6      -6
 SINCE 1/1          0                 6      -6
.................................................

WIND (MPH)
AVERAGE WIND SPEED              9.0
RESULTANT WIND SPEED/DIRECTION   3/303
HIGHEST WIND SPEED/DIRECTION    38/300    DATE  04/04
HIGHEST GUST SPEED/DIRECTION    49/300    DATE  04/04

SKY COVER
POSSIBLE SUNSHINE (PERCENT)   MM
AVERAGE SKY COVER           0.60
NUMBER OF DAYS FAIR            4
NUMBER OF DAYS PC             17
NUMBER OF DAYS CLOUDY          9

AVERAGE RH (PERCENT)     56

WEATHER CONDITIONS. NUMBER OF DAYS WITH
THUNDERSTORM              0     MIXED PRECIP               0
HEAVY RAIN                2     RAIN                       7
LIGHT RAIN               14     FREEZING RAIN              0
LT FREEZING RAIN          0     HAIL                       0
HEAVY SNOW                0     SNOW                       0
LIGHT SNOW                2     SLEET                      0
FOG                      11     FOG W/VIS <= 1/4 MILE      2
HAZE                      1

-  INDICATES NEGATIVE NUMBERS.
R  INDICATES RECORD WAS SET OR TIED.
MM INDICATES DATA IS MISSING.
T  INDICATES TRACE AMOUNT.

$$
