000
CXUS44 KBRO 011521
CLMBRO


CLIMATE REPORT
NATIONAL WEATHER SERVICE BROWNSVILLE TX
1021 AM CDT WED APR 1 2015

...................................

...THE BROWNSVILLE CLIMATE SUMMARY FOR THE MONTH OF MARCH 2015...

CLIMATE NORMAL PERIOD 1981 TO 2010
CLIMATE RECORD PERIOD 1878 TO 2015

WEATHER         OBSERVED          NORMAL  DEPART  LAST YEAR`S
                 VALUE   DATE(S)  VALUE   FROM    VALUE  DATE(S)
                                          NORMAL
................................................................
TEMPERATURE (F)
HIGHEST            83   03/26        92      -9       94  03/28
                        03/23
LOWEST             42   03/05        42       0       37  03/03
AVG. MAXIMUM     74.5              78.9    -4.4     75.2
AVG. MINIMUM     58.7              59.6    -0.9     56.5
MEAN             66.6              69.3    -2.7     65.9
DAYS MAX >= 90      0               1.0    -1.0        1
DAYS MAX <= 32      0               0.0     0.0        0
DAYS MIN <= 32      0               0.0     0.0        0
DAYS MIN <= 0       0               0.0     0.0        0

PRECIPITATION (INCHES)
TOTALS           4.72              1.23    3.49     1.46
DAILY AVG.       0.16              0.04    0.12     0.05
DAYS >= .01        12               4.4     7.6        8
DAYS >= .10         7               1.9     5.1        5
DAYS >= .50         3               0.5     2.5        1
DAYS >= 1.00        2               0.3     1.7        0
GREATEST
 24 HR. TOTAL    2.03   03/09 TO 03/09
 STORM TOTAL       MM
 (MM/DD(HH))            MM

SNOWFALL (INCHES)
TOTALS            0.0               0.0     0.0      0.0
SINCE 7/1         0.0               0.0     0.0
SNOWDEPTH AVG.      0                MM      MM

DEGREE_DAYS
HEATING TOTAL      67                43      24       90
 SINCE 7/1        690               546     144      814
COOLING TOTAL     124               174     -50      123
 SINCE 1/1        181               315    -134      243
.................................................................

WIND (MPH)
AVERAGE WIND SPEED              9.1
HIGHEST WIND SPEED/DIRECTION    31/140    DATE  03/29
HIGHEST GUST SPEED/DIRECTION    40/150    DATE  03/29

SKY COVER
POSSIBLE SUNSHINE (PERCENT)   MM
AVERAGE SKY COVER           0.70
NUMBER OF DAYS FAIR            7
NUMBER OF DAYS PC              8
NUMBER OF DAYS CLOUDY         16

AVERAGE RH (PERCENT)     81

WEATHER CONDITIONS. NUMBER OF DAYS WITH
THUNDERSTORM              0     MIXED PRECIP               0
HEAVY RAIN                4     RAIN                       8
LIGHT RAIN               16     FREEZING RAIN              0
LT FREEZING RAIN          0     HAIL                       0
HEAVY SNOW                0     SNOW                       0
LIGHT SNOW                0     SLEET                      0
FOG                      26     FOG W/VIS <= 1/4 MILE      6
HAZE                      5

-  INDICATES NEGATIVE NUMBERS.
R  INDICATES RECORD WAS SET OR TIED.
MM INDICATES DATA IS MISSING.
T  INDICATES TRACE AMOUNT.

$$
