000
CXUS51 KILN 011220
CLMDAY


CLIMATE REPORT
NATIONAL WEATHER SERVICE WILMINGTON OH
817 AM EDT WED APR 1 2015

...................................

...THE DAYTON CLIMATE SUMMARY FOR THE MONTH OF MARCH 2015...

CLIMATE NORMAL PERIOD 1981 TO 2010
CLIMATE RECORD PERIOD 1869 TO 2015

WEATHER         OBSERVED          NORMAL  DEPART  LAST YEAR`S
                 VALUE   DATE(S)  VALUE   FROM    VALUE  DATE(S)
                                          NORMAL
................................................................
TEMPERATURE (F)
RECORD
 HIGH              87   03/24/1910
 LOW               -7   03/02/1980
HIGHEST            71   03/16        49      22       69  03/11
LOWEST              6   03/06        31     -25        5  03/03
AVG. MAXIMUM     48.3              49.6    -1.3     47.4
AVG. MINIMUM     29.2              31.2    -2.0     25.5
MEAN             38.7              40.4    -1.7     36.4
DAYS MAX >= 90      0               0.0     0.0        0
DAYS MAX <= 32      3               2.4     0.6        2
DAYS MIN <= 32     18              17.1     0.9       19
DAYS MIN <= 0       0               0.0     0.0        0

PRECIPITATION (INCHES)
TOTALS           3.91              3.34    0.57     2.62
DAILY AVG.       0.13              0.11    0.02     0.08
DAYS >= .01        12              12.2    -0.2        8
DAYS >= .10        10               7.1     2.9        4
DAYS >= .50         3               2.1     0.9        2
DAYS >= 1.00        0               0.6    -0.6        1
GREATEST
 24 HR. TOTAL    0.74   03/13 TO 03/13

SNOWFALL (INCHES)
TOTALS            5.7               3.4     2.3      7.1
SINCE 7/1        27.7              22.7     5.0     52.5
DAYS >= TRACE       4               2.8     1.2        7
DAYS >= 1.0         1               0.8     0.2        3
GREATEST
 24 HR TOTAL      4.5   03/01 TO 03/01

DEGREE_DAYS
HEATING TOTAL     807               764      43      877
 SINCE 7/1       5370              5039     331     5476
COOLING TOTAL       0                 0       0        0
 SINCE 1/1          0                 0       0        0
...................................................

WIND (MPH)
AVERAGE WIND SPEED              9.9
RESULTANT WIND SPEED/DIRECTION   2/291
HIGHEST WIND SPEED/DIRECTION    29/270    DATE  03/31
HIGHEST GUST SPEED/DIRECTION    43/190    DATE  03/29

SKY COVER
AVERAGE SKY COVER           0.70

AVERAGE RH (PERCENT)     68

WEATHER CONDITIONS. NUMBER OF DAYS WITH
THUNDERSTORM              0     MIXED PRECIP               0
HEAVY RAIN                2     RAIN                       6
LIGHT RAIN               11     FREEZING RAIN              0
LT FREEZING RAIN          1     HAIL                       0
HEAVY SNOW                0     SNOW                       2
LIGHT SNOW                4     SLEET                      1
FOG                      16     FOG W/VIS <= 1/4 MILE      4
HAZE                     14

-  INDICATES NEGATIVE NUMBERS.
R  INDICATES RECORD WAS SET OR TIED.
MM INDICATES DATA IS MISSING.
T  INDICATES TRACE AMOUNT.

$$
