000
CXUS52 KMHX 041953
CLMEWN


CLIMATE REPORT
NATIONAL WEATHER SERVICE NEWPORT/MOREHEAD CITY NC
252 PM EST WED MAR 4 2015

...................................

...THE NEW BERN NC CLIMATE SUMMARY FOR THE MONTH OF FEBRUARY 2015...

CLIMATE NORMAL PERIOD 1981 TO 2010
CLIMATE RECORD PERIOD 1948 TO 2015

WEATHER         OBSERVED          NORMAL  DEPART  LAST YEAR`S
                 VALUE   DATE(S)  VALUE   FROM    VALUE  DATE(S)
                                          NORMAL
................................................................
TEMPERATURE (F)
RECORD
 HIGH              88   02/28/1962
 LOW                6   02/13/1973
HIGHEST            76   02/09                         78  02/21
                                                          02/20
                                                          02/19
LOWEST             11   02/20                         24  02/01
AVG. MAXIMUM     49.5              57.9    -8.4     58.4
AVG. MINIMUM     28.3              36.1    -7.8     36.2
MEAN             38.9              47.0    -8.1     47.3
DAYS MAX >= 90      0               0.0     0.0        0
DAYS MAX <= 32      3               0.0     3.0        0
DAYS MIN <= 32     22              10.4    11.6        8
DAYS MIN <= 0       0               0.0     0.0        0

PRECIPITATION (INCHES)
RECORD
 MAXIMUM         9.39   1983
 MINIMUM         1.28   1977
TOTALS           3.88              3.66    0.22     2.56
DAILY AVG.       0.14              0.13    0.01     0.09
DAYS >= .01         9               9.3    -0.3       13
DAYS >= .10         8               6.2     1.8       11
DAYS >= .50         3               2.6     0.4        0
DAYS >= 1.00        1               0.9     0.1        0
GREATEST
 24 HR. TOTAL    1.43   02/26 TO 02/26

SNOWFALL (INCHES)
RECORDS
 TOTAL             MM   5
 24 HR TOTAL       MM
 SNOW DEPTH        MM   MM
TOTALS            3.0               0.3     2.7     11.7
 LIQUID EQUIV    0.30              0.00    0.30     1.17
SINCE 7/1         3.0               1.4     1.6     14.0
 LIQUID 7/1      0.30              0.10    0.20     1.40
SNOWDEPTH AVG.      0                MM      MM        0
DAYS >= TRACE       2               0.1     1.9        3
DAYS >= 1.0         1               0.1     0.9        2
GREATEST
 SNOW DEPTH         0   MM                            10  02/11
 24 HR TOTAL      3.0   02/24 TO 02/24
 STORM TOTAL       MM                                 MM
 (MM/DD(HH))

DEGREE_DAYS
HEATING TOTAL     723               506     217      493
 SINCE 7/1       2243              2146      97     2074
.................................................................

WIND (MPH)
AVERAGE WIND SPEED              9.0
RESULTANT WIND SPEED/DIRECTION   4/335
HIGHEST WIND SPEED/DIRECTION    37/310    DATE  02/02
HIGHEST GUST SPEED/DIRECTION    52/300    DATE  02/02

SKY COVER
POSSIBLE SUNSHINE (PERCENT)   MM
AVERAGE SKY COVER           0.40
NUMBER OF DAYS FAIR           16
NUMBER OF DAYS PC              5
NUMBER OF DAYS CLOUDY          7

AVERAGE RH (PERCENT)     60

WEATHER CONDITIONS. NUMBER OF DAYS WITH
THUNDERSTORM              0     MIXED PRECIP               0
HEAVY RAIN                5     RAIN                      10
LIGHT RAIN               11     FREEZING RAIN              4
LT FREEZING RAIN          3     HAIL                       0
HEAVY SNOW                0     SNOW                       1
LIGHT SNOW                3     SLEET                      0
FOG                      16     FOG W/VIS <= 1/4 MILE      0
HAZE                      6

-  INDICATES NEGATIVE NUMBERS.
R  INDICATES RECORD WAS SET OR TIED.
MM INDICATES DATA IS MISSING.
T  INDICATES TRACE AMOUNT.

$$
