000
CXUS51 KCTP 010714
CLMIPT

CLIMATE REPORT
NATIONAL WEATHER SERVICE STATE COLLEGE PA
308 AM EDT FRI MAY 1 2015

...................................

...THE WILLIAMSPORT PA CLIMATE SUMMARY FOR THE MONTH OF APRIL 2015...

CLIMATE NORMAL PERIOD 1981 TO 2010
CLIMATE RECORD PERIOD 1895 TO 2015

WEATHER         OBSERVED          NORMAL  DEPART  LAST YEAR`S
                 VALUE   DATE(S)  VALUE   FROM    VALUE  DATE(S)
                                          NORMAL
................................................................
TEMPERATURE (F)
RECORD
 HIGH              96   04/24/1925
 LOW                8   04/01/1923
HIGHEST            83   04/18                         82  04/13
LOWEST             27   04/02                         24  04/16
                        04/01

AVG. MAXIMUM     62.3              60.9     1.4     61.1
AVG. MINIMUM     38.3              38.9    -0.6     36.9
MEAN             50.3              49.9     0.4     49.0
DAYS MAX >= 90      0               0.1    -0.1        0
DAYS MAX <= 32      0               0.0     0.0        0
DAYS MIN <= 32      7               6.2     0.8       11
DAYS MIN <= 0       0               0.0     0.0        0

PRECIPITATION (INCHES)
RECORD
 MAXIMUM        10.04   2011
 MINIMUM         0.70   1989

TOTALS           4.19              3.24    0.95     2.87
DAILY AVG.       0.14              0.11    0.03     0.10
DAYS >= .01        14              11.6     2.4        9
DAYS >= .10        10               7.3     2.7        8
DAYS >= .50         1               1.9    -0.9        2
DAYS >= 1.00        1               0.6     0.4        0
GREATEST
 24 HR. TOTAL    1.87   04/20 TO 04/21


SNOWFALL (INCHES)
RECORDS
 TOTAL           13.8   1982

TOTALS              T               1.1    -1.1        T
SINCE 7/1        44.4              36.0     8.4     45.9
SNOWDEPTH AVG.      0                MM      MM        0
DAYS >= 1.0         0               0.3    -0.3        0
GREATEST
 SNOW DEPTH         2   04/01
 24 HR TOTAL        T   04/23 TO 04/23


DEGREE_DAYS
HEATING TOTAL     435               459     -24      483
 SINCE 7/1       6061              5755     306     6315
COOLING TOTAL       0                 5      -5        9
 SINCE 1/1          0                 5      -5        9
......................................................

WIND (MPH)
AVERAGE WIND SPEED              7.3
HIGHEST WIND SPEED/DIRECTION    33/160    DATE  04/13
HIGHEST GUST SPEED/DIRECTION    43/160    DATE  04/13

SKY COVER
POSSIBLE SUNSHINE (PERCENT)   MM
AVERAGE SKY COVER           0.50
NUMBER OF DAYS FAIR           11
NUMBER OF DAYS PC             11
NUMBER OF DAYS CLOUDY          8

AVERAGE RH (PERCENT)     60

WEATHER CONDITIONS. NUMBER OF DAYS WITH
THUNDERSTORM              2     MIXED PRECIP               0
HEAVY RAIN                7     RAIN                       9
LIGHT RAIN               20     FREEZING RAIN              0
LT FREEZING RAIN          0     HAIL                       0
HEAVY SNOW                0     SNOW                       0
LIGHT SNOW                1     SLEET                      0
FOG                      14     FOG W/VIS <= 1/4 MILE      3
HAZE                      1

-  INDICATES NEGATIVE NUMBERS.
R  INDICATES RECORD WAS SET OR TIED.
MM INDICATES DATA IS MISSING.
T  INDICATES TRACE AMOUNT.

$$

LA CORTE
