000
CXUS53 KGLD 011733
CLMITR

CLIMATE REPORT
NATIONAL WEATHER SERVICE GOODLAND
1133 AM MDT WED APR 1 2015

...................................

...THE BURLINGTON CLIMATE SUMMARY FOR THE MONTH OF MARCH 2015...

CLIMATE NORMAL PERIOD 1981 TO 2010
CLIMATE RECORD PERIOD 1896 TO 2015

WEATHER         OBSERVED          NORMAL  DEPART  LAST YEAR`S
                 VALUE   DATE(S)  VALUE   FROM    VALUE  DATE(S)
                                          NORMAL
................................................................
TEMPERATURE (F)
RECORD
 HIGH              93   03/19/1921
 LOW              -22   03/03/1960
HIGHEST            87   03/16        78       9       75  03/09
LOWEST             12   03/05        10       2        0  03/02
                                                          03/01
AVG. MAXIMUM     61.3              54.3     7.0     55.9
AVG. MINIMUM     29.4              25.1     4.3     23.4
MEAN             45.3              39.7     5.6     39.6
DAYS MAX >= 90      0               0.0     0.0        0
DAYS MAX <= 32      2               1.8     0.2        3
DAYS MIN <= 32     19              25.5    -6.5       28
DAYS MIN <= 0       0               0.3    -0.3        2

PRECIPITATION (INCHES)
RECORD
 MAXIMUM         4.90   1981
 MINIMUM         0.00   1997
TOTALS           0.32              0.89   -0.57     0.21
DAILY AVG.       0.01              0.03   -0.02     0.01
DAYS >= .01         3                MM      MM        6
DAYS >= .10         1                MM      MM        1
DAYS >= .50         0                MM      MM        0
DAYS >= 1.00        0                MM      MM        0
GREATEST
 24 HR. TOTAL    0.23   03/19 TO 03/19              0.10
 STORM TOTAL       MM
 (MM/DD(HH))            MM

.................................................................

-  INDICATES NEGATIVE NUMBERS.
R  INDICATES RECORD WAS SET OR TIED.
MM INDICATES DATA IS MISSING.
T  INDICATES TRACE AMOUNT.

$$
