000
CXUS55 KMSO 011554
CLMMSO


CLIMATE REPORT
NATIONAL WEATHER SERVICE MISSOULA, MT
853 AM MST SUN MAR 1 2015

...................................

...THE MISSOULA MT CLIMATE SUMMARY FOR THE MONTH OF FEBRUARY 2015...

CLIMATE NORMAL PERIOD 1981 TO 2010
CLIMATE RECORD PERIOD 1893 TO 2015

WEATHER         OBSERVED          NORMAL  DEPART  LAST YEAR`S
                 VALUE   DATE(S)  VALUE   FROM    VALUE
                                          NORMAL
.............................................................
TEMPERATURE (F)
RECORD
 HIGH              66   02/24/1995
 LOW              -28   02/10/1933
HIGHEST            58   02/06        MM      MM       45
LOWEST              5   02/22        MM      MM      -23
AVG. MAXIMUM     43.8              38.8     5.0     27.5
AVG. MINIMUM     25.3              21.2     4.1     12.5
MEAN             34.6              30.0     4.6     20.0
DAYS MAX >= 90      0               0.0     0.0        0
DAYS MAX <= 32      3               4.9    -1.9       17
DAYS MIN <= 32     24              25.1    -1.1       26
DAYS MIN <= 0       0               1.6    -1.6        5

PRECIPITATION (INCHES)
RECORD
 MAXIMUM         2.67   1936
 MINIMUM         0.08   1934
TOTALS           0.99              0.70    0.29     2.47
DAILY AVG.       0.04              0.03    0.01     0.09
DAYS >= .01         9               9.4    -0.4       21
DAYS >= .10         4               2.3     1.7        8
DAYS >= .50         0               0.0     0.0        0
DAYS >= 1.00        0               0.0     0.0        0
GREATEST
 24 HR. TOTAL    0.45   02/07 TO 02/08              0.63

SNOWFALL (INCHES)
TOTALS            3.3               6.1    -2.8     40.2
SINCE 7/1        33.3              31.4     1.9     60.6
DAYS >= TRACE       7               6.8     0.2       24
DAYS >= 1.0         2               2.1    -0.1       10
GREATEST
 SNOW DEPTH         2   02/02                         13
 24 HR TOTAL      1.9   MM                           7.9

DEGREE_DAYS
HEATING TOTAL     846               980    -134
 SINCE 7/1       4992              5369    -377
COOLING TOTAL       0                 0       0
 SINCE 1/1          0                 0       0
..............................................................

WIND (MPH)
AVERAGE WIND SPEED              4.9
HIGHEST WIND SPEED/DIRECTION    25/090    DATE  02/27
HIGHEST GUST SPEED/DIRECTION    37/220    DATE  02/06

SKY COVER
POSSIBLE SUNSHINE (PERCENT)   MM
AVERAGE SKY COVER           0.60
NUMBER OF DAYS FAIR            6
NUMBER OF DAYS PC             13
NUMBER OF DAYS CLOUDY          9

AVERAGE RH (PERCENT)     71

WEATHER CONDITIONS. NUMBER OF DAYS WITH
THUNDERSTORM              0     MIXED PRECIP               0
HEAVY RAIN                0     RAIN                       2
LIGHT RAIN               11     FREEZING RAIN              0
LT FREEZING RAIN          0     HAIL                       1
HEAVY SNOW                0     SNOW                       1
LIGHT SNOW                7     SLEET                      0
FOG                      13     FOG W/VIS <= 1/4 MILE      5
HAZE                      1

-  INDICATES NEGATIVE NUMBERS.
R  INDICATES RECORD WAS SET OR TIED.
MM INDICATES DATA IS MISSING.
T  INDICATES TRACE AMOUNT.

$$
