000
CDUS45 KPUB 040023
CLIALS


CLIMATE REPORT
NATIONAL WEATHER SERVICE PUEBLO
623 PM MDT SUN MAY 3 2015


...................................

...THE ALAMOSA CO CLIMATE SUMMARY FOR MAY 3 2015...
VALID TODAY AS OF 0500 PM LOCAL TIME.

CLIMATE NORMAL PERIOD 1981 TO 2010
CLIMATE RECORD PERIOD 1932 TO 2015


WEATHER ITEM   OBSERVED TIME   RECORD YEAR NORMAL DEPARTURE LAST
                VALUE   (LST)  VALUE       VALUE  FROM      YEAR
                                                  NORMAL
..................................................................
TEMPERATURE (F)
 TODAY
  MAXIMUM         68    133 PM  79    1943  65      3       75
  MINIMUM         32    542 AM  11    2011  30      2       28
  AVERAGE         50                        47      3       52

PRECIPITATION (IN)
  TODAY            0.00          0.75 1935   0.02  -0.02     0.00
  MONTH TO DATE    0.02                      0.06  -0.04      T
  SINCE MAR 1      0.85                      1.18  -0.33     1.46
  SINCE JAN 1      2.19                      1.70   0.49     1.58

SNOWFALL (IN)
  TODAY            0.0           8.0  1935   0.1   -0.1      0.0
  MONTH TO DATE    0.0                       0.2   -0.2       T
  SINCE MAR 1      0.7                       8.8   -8.1     10.4
  SINCE JUL 1     23.8                      26.9   -3.1     38.5
  SNOW DEPTH       0

DEGREE DAYS
 HEATING
  TODAY           15                        18     -3       13
  MONTH TO DATE   36                        54    -18       56
  SINCE MAR 1   1461                      1725   -264     1597
  SINCE JUL 1   6953                      8054  -1101     8165

 COOLING
  TODAY            0                         0      0        0
  MONTH TO DATE    0                         0      0        0
  SINCE MAR 1      0                         0      0        0
  SINCE JAN 1      0                         0      0        0
..................................................................


WIND (MPH)
  HIGHEST WIND SPEED    23   HIGHEST WIND DIRECTION    NW (330)
  HIGHEST GUST SPEED    32   HIGHEST GUST DIRECTION    NW (330)
  AVERAGE WIND SPEED     6.6


SKY COVER
  POSSIBLE SUNSHINE  MM
  AVERAGE SKY COVER 0.3


WEATHER CONDITIONS
 THE FOLLOWING WEATHER WAS RECORDED TODAY.
  THUNDERSTORM


RELATIVE HUMIDITY (PERCENT)
 HIGHEST    92           300 AM
 LOWEST     20           300 PM
 AVERAGE    56

..........................................................


THE ALAMOSA CO CLIMATE NORMALS FOR TOMORROW
                         NORMAL    RECORD    YEAR
 MAXIMUM TEMPERATURE (F)   65        81      1943
 MINIMUM TEMPERATURE (F)   30        13      1935


SUNRISE AND SUNSET
MAY  3 2015...........SUNRISE   606 AM MDT   SUNSET   755 PM MDT
MAY  4 2015...........SUNRISE   605 AM MDT   SUNSET   756 PM MDT


-  INDICATES NEGATIVE NUMBERS.
R  INDICATES RECORD WAS SET OR TIED.
MM INDICATES DATA IS MISSING.
T  INDICATES TRACE AMOUNT.




$$
