000
CDUS45 KPUB 021027
CLIALS


CLIMATE REPORT
NATIONAL WEATHER SERVICE PUEBLO
427 AM MDT SAT MAY 2 2015


...................................

...THE ALAMOSA CO CLIMATE SUMMARY FOR MAY 1 2015...

CLIMATE NORMAL PERIOD 1981 TO 2010
CLIMATE RECORD PERIOD 1932 TO 2015


WEATHER ITEM   OBSERVED TIME   RECORD YEAR NORMAL DEPARTURE LAST
                VALUE   (LST)  VALUE       VALUE  FROM      YEAR
                                                  NORMAL
..................................................................
TEMPERATURE (F)
 YESTERDAY
  MAXIMUM         74    158 PM  78    2001  64     10       58
  MINIMUM         39    539 AM  11    1967  29     10       24
  AVERAGE         57                        47     10       41

PRECIPITATION (IN)
  YESTERDAY        0.00          0.50 1990   0.02  -0.02      T
  MONTH TO DATE    0.00                      0.02  -0.02      T
  SINCE MAR 1      0.83                      1.14  -0.31     1.46
  SINCE JAN 1      2.17                      1.66   0.51     1.58

SNOWFALL (IN)
  YESTERDAY        0.0           3.1  1999   0.1   -0.1       T
  MONTH TO DATE    0.0                       0.1   -0.1       T
  SINCE MAR 1      0.7                       8.7   -8.0     10.4
  SINCE JUL 1     23.8                      26.8   -3.0     38.5
  SNOW DEPTH       0

DEGREE DAYS
 HEATING
  YESTERDAY        8                        18    -10       24
  MONTH TO DATE    8                        18    -10       24
  SINCE MAR 1   1433                      1689   -256     1565
  SINCE JUL 1   6925                      8018  -1093     8133

 COOLING
  YESTERDAY        0                         0      0        0
  MONTH TO DATE    0                         0      0        0
  SINCE MAR 1      0                         0      0        0
  SINCE JAN 1      0                         0      0        0
..................................................................


WIND (MPH)
  HIGHEST WIND SPEED    31   HIGHEST WIND DIRECTION     N (340)
  HIGHEST GUST SPEED    37   HIGHEST GUST DIRECTION     N (350)
  AVERAGE WIND SPEED     8.0


SKY COVER
  POSSIBLE SUNSHINE  MM
  AVERAGE SKY COVER 0.2


WEATHER CONDITIONS
 THE FOLLOWING WEATHER WAS RECORDED YESTERDAY.
  NO SIGNIFICANT WEATHER WAS OBSERVED.


RELATIVE HUMIDITY (PERCENT)
 HIGHEST    73           500 AM
 LOWEST     13           200 PM
 AVERAGE    43

..........................................................


THE ALAMOSA CO CLIMATE NORMALS FOR TODAY
                         NORMAL    RECORD    YEAR
 MAXIMUM TEMPERATURE (F)   65        81      1943
 MINIMUM TEMPERATURE (F)   30        13      2008


SUNRISE AND SUNSET
MAY  2 2015...........SUNRISE   607 AM MDT   SUNSET   754 PM MDT
MAY  3 2015...........SUNRISE   606 AM MDT   SUNSET   755 PM MDT


-  INDICATES NEGATIVE NUMBERS.
R  INDICATES RECORD WAS SET OR TIED.
MM INDICATES DATA IS MISSING.
T  INDICATES TRACE AMOUNT.




$$
