000
CDUS45 KPUB 171825 CCA
CLIALS

CLIMATE REPORT...COR FOR WEATHER CONDITIONS
NATIONAL WEATHER SERVICE PUEBLO
429 AM MDT FRI APR 17 2015


...................................

...THE ALAMOSA CO CLIMATE SUMMARY FOR APRIL 16 2015...

CLIMATE NORMAL PERIOD 1981 TO 2010
CLIMATE RECORD PERIOD 1932 TO 2015


WEATHER ITEM   OBSERVED TIME   RECORD YEAR NORMAL DEPARTURE LAST
                VALUE   (LST)  VALUE       VALUE  FROM      YEAR
                                                  NORMAL
..................................................................
TEMPERATURE (F)
 YESTERDAY
  MAXIMUM         54   1244 PM  75    1962  59     -5       62
  MINIMUM         30   1250 AM   4    1999  24      6       24
  AVERAGE         42                        42      0       43

PRECIPITATION (IN)
  YESTERDAY        0.21          0.34 2014   0.02   0.19     0.34
  MONTH TO DATE    0.21                      0.29  -0.08     0.98
  SINCE MAR 1      0.61                      0.82  -0.21     1.38
  SINCE JAN 1      1.95                      1.34   0.61     1.50

SNOWFALL (IN)
  YESTERDAY        0.7           1.1  1999   0.2    0.5      1.0
  MONTH TO DATE    0.7                       2.2   -1.5      6.6
  SINCE MAR 1      0.7                       7.2   -6.5     10.0
  SINCE JUL 1     23.8                      25.3   -1.5     38.1
  SNOW DEPTH       0

DEGREE DAYS
 HEATING
  YESTERDAY       23                        23      0       22
  MONTH TO DATE  324                       403    -79      393
  SINCE MAR 1   1109                      1380   -271     1268
  SINCE JUL 1   6601                      7709  -1108     7836

 COOLING
  YESTERDAY        0                         0      0        0
  MONTH TO DATE    0                         0      0        0
  SINCE MAR 1      0                         0      0        0
  SINCE JAN 1      0                         0      0        0
..................................................................


WIND (MPH)
  HIGHEST WIND SPEED    33   HIGHEST WIND DIRECTION    SE (130)
  HIGHEST GUST SPEED    43   HIGHEST GUST DIRECTION    SE (120)
  AVERAGE WIND SPEED    15.5


SKY COVER
  POSSIBLE SUNSHINE  MM
  AVERAGE SKY COVER 0.5


WEATHER CONDITIONS
 THE FOLLOWING WEATHER WAS RECORDED YESTERDAY.
  THUNDERSTORM
  MIXED PRECIP
  LIGHT RAIN
  SNOW
  LIGHT SNOW
  FOG


RELATIVE HUMIDITY (PERCENT)
 HIGHEST    96           600 PM
 LOWEST     12          1000 AM
 AVERAGE    54

..........................................................


THE ALAMOSA CO CLIMATE NORMALS FOR TODAY
                         NORMAL    RECORD    YEAR
 MAXIMUM TEMPERATURE (F)   60        74      1954
                                             1948
 MINIMUM TEMPERATURE (F)   25         3      1999


SUNRISE AND SUNSET
APRIL 17 2015.........SUNRISE   626 AM MDT   SUNSET   740 PM MDT
APRIL 18 2015.........SUNRISE   625 AM MDT   SUNSET   741 PM MDT


-  INDICATES NEGATIVE NUMBERS.
R  INDICATES RECORD WAS SET OR TIED.
MM INDICATES DATA IS MISSING.
T  INDICATES TRACE AMOUNT.




$$
