000
CDUS45 KPUB 011032
CLIALS


CLIMATE REPORT
NATIONAL WEATHER SERVICE PUEBLO
432 AM MDT FRI MAY 1 2015


...................................

...THE ALAMOSA CO CLIMATE SUMMARY FOR APRIL 30 2015...

CLIMATE NORMAL PERIOD 1981 TO 2010
CLIMATE RECORD PERIOD 1932 TO 2015


WEATHER ITEM   OBSERVED TIME   RECORD YEAR NORMAL DEPARTURE LAST
                VALUE   (LST)  VALUE       VALUE  FROM      YEAR
                                                  NORMAL
..................................................................
TEMPERATURE (F)
 YESTERDAY
  MAXIMUM         75    254 PM  79    1981  64     11       54
  MINIMUM         31    514 AM  10    1975  29      2       22
  AVERAGE         53                        46      7       38

PRECIPITATION (IN)
  YESTERDAY        T             1.04 1990   0.02  -0.02     0.00
  MONTH TO DATE    0.43                      0.59  -0.16     1.06
  SINCE MAR 1      0.83                      1.12  -0.29     1.46
  SINCE JAN 1      2.17                      1.64   0.53     1.58

SNOWFALL (IN)
  YESTERDAY        0.0           9.0  1990   0.1   -0.1      0.0
  MONTH TO DATE    0.7                       3.6   -2.9      7.0
  SINCE MAR 1      0.7                       8.6   -7.9     10.4
  SINCE JUL 1     23.8                      26.7   -2.9     38.5
  SNOW DEPTH       0

DEGREE DAYS
 HEATING
  YESTERDAY       12                        19     -7       27
  MONTH TO DATE  640                       695    -55      666
  SINCE MAR 1   1425                      1671   -246     1541
  SINCE JUL 1   6917                      8000  -1083     8109

 COOLING
  YESTERDAY        0                         0      0        0
  MONTH TO DATE    0                         0      0        0
  SINCE MAR 1      0                         0      0        0
  SINCE JAN 1      0                         0      0        0
..................................................................


WIND (MPH)
  HIGHEST WIND SPEED    28   HIGHEST WIND DIRECTION     W (260)
  HIGHEST GUST SPEED    50   HIGHEST GUST DIRECTION     W (250)
  AVERAGE WIND SPEED     4.9


SKY COVER
  POSSIBLE SUNSHINE  MM
  AVERAGE SKY COVER 0.2


WEATHER CONDITIONS
 THE FOLLOWING WEATHER WAS RECORDED YESTERDAY.
  NO SIGNIFICANT WEATHER WAS OBSERVED.


RELATIVE HUMIDITY (PERCENT)
 HIGHEST    76           200 AM
 LOWEST     13           200 PM
 AVERAGE    45

..........................................................


THE ALAMOSA CO CLIMATE NORMALS FOR TODAY
                         NORMAL    RECORD    YEAR
 MAXIMUM TEMPERATURE (F)   64        78      2001
 MINIMUM TEMPERATURE (F)   29        11      1967


SUNRISE AND SUNSET
MAY  1 2015...........SUNRISE   609 AM MDT   SUNSET   753 PM MDT
MAY  2 2015...........SUNRISE   607 AM MDT   SUNSET   754 PM MDT


-  INDICATES NEGATIVE NUMBERS.
R  INDICATES RECORD WAS SET OR TIED.
MM INDICATES DATA IS MISSING.
T  INDICATES TRACE AMOUNT.




$$
