000
CDUS45 KPUB 212324
CLIALS


CLIMATE REPORT
NATIONAL WEATHER SERVICE PUEBLO
520 PM MDT TUE APR 21 2015


...................................

...THE ALAMOSA CO CLIMATE SUMMARY FOR APRIL 21 2015...
VALID TODAY AS OF 0500 PM LOCAL TIME.

CLIMATE NORMAL PERIOD 1981 TO 2010
CLIMATE RECORD PERIOD 1932 TO 2015


WEATHER ITEM   OBSERVED TIME   RECORD YEAR NORMAL DEPARTURE LAST
                VALUE   (LST)  VALUE       VALUE  FROM      YEAR
                                                  NORMAL
..................................................................
TEMPERATURE (F)
 TODAY
  MAXIMUM         66    147 PM  79    1989  61      5       68
  MINIMUM         19    527 AM  10    1907  26     -7       30
  AVERAGE         43                        43      0       49

PRECIPITATION (IN)
  TODAY            0.00          0.20 1938   0.02  -0.02     0.03
  MONTH TO DATE    0.21                      0.40  -0.19     1.01
  SINCE MAR 1      0.61                      0.93  -0.32     1.41
  SINCE JAN 1      1.95                      1.45   0.50     1.53

SNOWFALL (IN)
  TODAY            0.0           2.0  1941   0.1   -0.1      0.0
  MONTH TO DATE    0.7                       2.7   -2.0      6.6
  SINCE MAR 1      0.7                       7.7   -7.0     10.0
  SINCE JUL 1     23.8                      25.8   -2.0     38.1
  SNOW DEPTH       0

DEGREE DAYS
 HEATING
  TODAY           22                        22      0       16
  MONTH TO DATE  456                       515    -59      469
  SINCE MAR 1   1241                      1492   -251     1344
  SINCE JUL 1   6733                      7821  -1088     7912

 COOLING
  TODAY            0                         0      0        0
  MONTH TO DATE    0                         0      0        0
  SINCE MAR 1      0                         0      0        0
  SINCE JAN 1      0                         0      0        0
..................................................................


WIND (MPH)
  HIGHEST WIND SPEED    25   HIGHEST WIND DIRECTION    NW (300)
  HIGHEST GUST SPEED    32   HIGHEST GUST DIRECTION    NW (300)
  AVERAGE WIND SPEED     4.2


SKY COVER
  POSSIBLE SUNSHINE  MM
  AVERAGE SKY COVER 0.0


WEATHER CONDITIONS
 THE FOLLOWING WEATHER WAS RECORDED TODAY.
  NO SIGNIFICANT WEATHER WAS OBSERVED.


RELATIVE HUMIDITY (PERCENT)
 HIGHEST    84           400 AM
 LOWEST     13           200 PM
 AVERAGE    49

..........................................................


THE ALAMOSA CO CLIMATE NORMALS FOR TOMORROW
                         NORMAL    RECORD    YEAR
 MAXIMUM TEMPERATURE (F)   61        77      2006
 MINIMUM TEMPERATURE (F)   26        14      2002


SUNRISE AND SUNSET
APRIL 21 2015.........SUNRISE   621 AM MDT   SUNSET   744 PM MDT
APRIL 22 2015.........SUNRISE   620 AM MDT   SUNSET   745 PM MDT


-  INDICATES NEGATIVE NUMBERS.
R  INDICATES RECORD WAS SET OR TIED.
MM INDICATES DATA IS MISSING.
T  INDICATES TRACE AMOUNT.




$$
