000
CDUS45 KPUB 232336
CLIALS


CLIMATE REPORT
NATIONAL WEATHER SERVICE PUEBLO
536 PM MDT THU APR 23 2015


...................................

...THE ALAMOSA CO CLIMATE SUMMARY FOR APRIL 23 2015...
VALID TODAY AS OF 0500 PM LOCAL TIME.

CLIMATE NORMAL PERIOD 1981 TO 2010
CLIMATE RECORD PERIOD 1932 TO 2015


WEATHER ITEM   OBSERVED TIME   RECORD YEAR NORMAL DEPARTURE LAST
                VALUE   (LST)  VALUE       VALUE  FROM      YEAR
                                                  NORMAL
..................................................................
TEMPERATURE (F)
 TODAY
  MAXIMUM         67    205 PM  78    2012  62      5       66
  MINIMUM         21    537 AM  10    1970  27     -6       38
  AVERAGE         44                        44      0       52

PRECIPITATION (IN)
  TODAY            0.00          0.64 1942   0.02  -0.02     0.00
  MONTH TO DATE    0.21                      0.45  -0.24     1.01
  SINCE MAR 1      0.61                      0.98  -0.37     1.41
  SINCE JAN 1      1.95                      1.50   0.45     1.53

SNOWFALL (IN)
  TODAY            0.0           4.5  1932   0.2   -0.2      0.0
  MONTH TO DATE    0.7                       3.0   -2.3      6.6
  SINCE MAR 1      0.7                       8.0   -7.3     10.0
  SINCE JUL 1     23.8                      26.1   -2.3     38.1
  SNOW DEPTH       0

DEGREE DAYS
 HEATING
  TODAY           21                        21      0       13
  MONTH TO DATE  497                       557    -60      495
  SINCE MAR 1   1282                      1534   -252     1370
  SINCE JUL 1   6774                      7863  -1089     7938

 COOLING
  TODAY            0                         0      0        0
  MONTH TO DATE    0                         0      0        0
  SINCE MAR 1      0                         0      0        0
  SINCE JAN 1      0                         0      0        0
..................................................................


WIND (MPH)
  HIGHEST WIND SPEED    28   HIGHEST WIND DIRECTION    SW (240)
  HIGHEST GUST SPEED    35   HIGHEST GUST DIRECTION    SW (240)
  AVERAGE WIND SPEED     8.0


SKY COVER
  POSSIBLE SUNSHINE  MM
  AVERAGE SKY COVER 0.1


WEATHER CONDITIONS
 THE FOLLOWING WEATHER WAS RECORDED TODAY.
  NO SIGNIFICANT WEATHER WAS OBSERVED.


RELATIVE HUMIDITY (PERCENT)
 HIGHEST    88           500 AM
 LOWEST      8           200 PM
 AVERAGE    48

..........................................................


THE ALAMOSA CO CLIMATE NORMALS FOR TOMORROW
                         NORMAL    RECORD    YEAR
 MAXIMUM TEMPERATURE (F)   62        79      2012
 MINIMUM TEMPERATURE (F)   27        12      1970


SUNRISE AND SUNSET
APRIL 23 2015.........SUNRISE   618 AM MDT   SUNSET   746 PM MDT
APRIL 24 2015.........SUNRISE   617 AM MDT   SUNSET   747 PM MDT


-  INDICATES NEGATIVE NUMBERS.
R  INDICATES RECORD WAS SET OR TIED.
MM INDICATES DATA IS MISSING.
T  INDICATES TRACE AMOUNT.




$$
