000
CDUS45 KPUB 300035
CLIALS


CLIMATE REPORT
NATIONAL WEATHER SERVICE PUEBLO
635 PM MDT WED APR 29 2015


...................................

...THE ALAMOSA CO CLIMATE SUMMARY FOR APRIL 29 2015...
VALID TODAY AS OF 0500 PM LOCAL TIME.

CLIMATE NORMAL PERIOD 1981 TO 2010
CLIMATE RECORD PERIOD 1932 TO 2015


WEATHER ITEM   OBSERVED TIME   RECORD YEAR NORMAL DEPARTURE LAST
                VALUE   (LST)  VALUE       VALUE  FROM      YEAR
                                                  NORMAL
..................................................................
TEMPERATURE (F)
 TODAY
  MAXIMUM         71    425 PM  78    1992  64      7       51
                                      1981
  MINIMUM         28    529 AM   7    1996  29     -1       16
  AVERAGE         50                        46      4       34

PRECIPITATION (IN)
  TODAY            0.00          0.30 2007   0.02  -0.02     0.00
                                      1941
  MONTH TO DATE    0.43                      0.57  -0.14     1.06
  SINCE MAR 1      0.83                      1.10  -0.27     1.46
  SINCE JAN 1      2.17                      1.62   0.55     1.58

SNOWFALL (IN)
  TODAY            0.0           1.6  1958   0.1   -0.1      0.0
  MONTH TO DATE    0.7                       3.5   -2.8      7.0
  SINCE MAR 1      0.7                       8.5   -7.8     10.4
  SINCE JUL 1     23.8                      26.6   -2.8     38.5
  SNOW DEPTH       0

DEGREE DAYS
 HEATING
  TODAY           15                        19     -4       31
  MONTH TO DATE  628                       676    -48      639
  SINCE MAR 1   1413                      1653   -240     1514
  SINCE JUL 1   6905                      7982  -1077     8082

 COOLING
  TODAY            0                         0      0        0
  MONTH TO DATE    0                         0      0        0
  SINCE MAR 1      0                         0      0        0
  SINCE JAN 1      0                         0      0        0
..................................................................


WIND (MPH)
  HIGHEST WIND SPEED    16   HIGHEST WIND DIRECTION     N (20)
  HIGHEST GUST SPEED    21   HIGHEST GUST DIRECTION    NW (320)
  AVERAGE WIND SPEED     3.9


SKY COVER
  POSSIBLE SUNSHINE  MM
  AVERAGE SKY COVER 0.0


WEATHER CONDITIONS
 THE FOLLOWING WEATHER WAS RECORDED TODAY.
  NO SIGNIFICANT WEATHER WAS OBSERVED.


RELATIVE HUMIDITY (PERCENT)
 HIGHEST    85           500 AM
 LOWEST     14           300 PM
 AVERAGE    50

..........................................................


THE ALAMOSA CO CLIMATE NORMALS FOR TOMORROW
                         NORMAL    RECORD    YEAR
 MAXIMUM TEMPERATURE (F)   64        79      1981
 MINIMUM TEMPERATURE (F)   29        10      1975


SUNRISE AND SUNSET
APRIL 29 2015.........SUNRISE   611 AM MDT   SUNSET   751 PM MDT
APRIL 30 2015.........SUNRISE   610 AM MDT   SUNSET   752 PM MDT


-  INDICATES NEGATIVE NUMBERS.
R  INDICATES RECORD WAS SET OR TIED.
MM INDICATES DATA IS MISSING.
T  INDICATES TRACE AMOUNT.




$$
