000
CDUS45 KPUB 271051
CLIALS


CLIMATE REPORT
NATIONAL WEATHER SERVICE PUEBLO
451 AM MDT FRI MAR 27 2015


...................................

...THE ALAMOSA CO CLIMATE SUMMARY FOR MARCH 26 2015...

CLIMATE NORMAL PERIOD 1981 TO 2010
CLIMATE RECORD PERIOD 1932 TO 2015


WEATHER ITEM   OBSERVED TIME   RECORD YEAR NORMAL DEPARTURE LAST
                VALUE   (LST)  VALUE       VALUE  FROM      YEAR
                                                  NORMAL
..................................................................
TEMPERATURE (F)
 YESTERDAY
  MAXIMUM         60    438 PM  73    1971  53      7       57
  MINIMUM         13    534 AM   4    1964  20     -7       28
                                      1936
  AVERAGE         37                        36      1       43

PRECIPITATION (IN)
  YESTERDAY        0.00          0.41 2005   0.02  -0.02      T
  MONTH TO DATE    0.40                      0.43  -0.03     0.40
  SINCE MAR 1      0.40                      0.43  -0.03     0.40
  SINCE JAN 1      1.74                      0.95   0.79     0.52

SNOWFALL (IN)
  YESTERDAY        0.0           4.0  2005   0.2   -0.2      0.0
  MONTH TO DATE    T                         4.1   -4.1      3.4
  SINCE MAR 1      T                         4.1   -4.1      3.4
  SINCE JUL 1     23.1                      22.2    0.9     31.5
  SNOW DEPTH       0

DEGREE DAYS
 HEATING
  YESTERDAY       28                        29     -1       22
  MONTH TO DATE  701                       837   -136      744
  SINCE MAR 1    701                       837   -136      744
  SINCE JUL 1   6193                      7166   -973     7312

 COOLING
  YESTERDAY        0                         0      0        0
  MONTH TO DATE    0                         0      0        0
  SINCE MAR 1      0                         0      0        0
  SINCE JAN 1      0                         0      0        0
..................................................................


WIND (MPH)
  HIGHEST WIND SPEED    22   HIGHEST WIND DIRECTION     N (350)
  HIGHEST GUST SPEED    28   HIGHEST GUST DIRECTION     N (350)
  AVERAGE WIND SPEED     6.7


SKY COVER
  POSSIBLE SUNSHINE  MM
  AVERAGE SKY COVER 0.0


WEATHER CONDITIONS
 THE FOLLOWING WEATHER WAS RECORDED YESTERDAY.
  NO SIGNIFICANT WEATHER WAS OBSERVED.


RELATIVE HUMIDITY (PERCENT)
 HIGHEST    80           200 AM
 LOWEST     15           400 PM
 AVERAGE    48

..........................................................


THE ALAMOSA CO CLIMATE NORMALS FOR TODAY
                         NORMAL    RECORD    YEAR
 MAXIMUM TEMPERATURE (F)   54        69      2012
 MINIMUM TEMPERATURE (F)   20         2      1955


SUNRISE AND SUNSET
MARCH 27 2015.........SUNRISE   657 AM MDT   SUNSET   722 PM MDT
MARCH 28 2015.........SUNRISE   655 AM MDT   SUNSET   722 PM MDT


-  INDICATES NEGATIVE NUMBERS.
R  INDICATES RECORD WAS SET OR TIED.
MM INDICATES DATA IS MISSING.
T  INDICATES TRACE AMOUNT.




$$
