000
CDUS45 KPUB 151029
CLIALS


CLIMATE REPORT
NATIONAL WEATHER SERVICE PUEBLO
429 AM MDT WED APR 15 2015


...................................

...THE ALAMOSA CO CLIMATE SUMMARY FOR APRIL 15 2015...
VALID TODAY AS OF 0400 AM LOCAL TIME.

CLIMATE NORMAL PERIOD 1981 TO 2010
CLIMATE RECORD PERIOD 1932 TO 2015


WEATHER ITEM   OBSERVED TIME   RECORD YEAR NORMAL DEPARTURE LAST
                VALUE   (LST)  VALUE       VALUE  FROM      YEAR
                                                  NORMAL
..................................................................
TEMPERATURE (F)
 TODAY
  MAXIMUM         43    300 AM  76    1937  59    -16       62
  MINIMUM         42    200 AM  10    1974  24     18       19
                                      1944
  AVERAGE         43                        42      1       41

PRECIPITATION (IN)
  TODAY            0.00          1.45 1938   0.01  -0.01     0.00
  MONTH TO DATE    0.00                      0.27  -0.27     0.64
  SINCE MAR 1      0.40                      0.80  -0.40     1.04
  SINCE JAN 1      1.74                      1.32   0.42     1.16

SNOWFALL (IN)
  TODAY            0.0          15.0  1938   0.1   -0.1      0.0
  MONTH TO DATE    0.0                       2.0   -2.0      5.6
  SINCE MAR 1      T                         7.0   -7.0      9.0
  SINCE JUL 1     23.1                      25.1   -2.0     37.1
  SNOW DEPTH       0

DEGREE DAYS
 HEATING
  TODAY           22                        23     -1       24
  MONTH TO DATE  284                       380    -96      371
  SINCE MAR 1   1069                      1357   -288     1246
  SINCE JUL 1   6561                      7686  -1125     7814

 COOLING
  TODAY            0                         0      0        0
  MONTH TO DATE    0                         0      0        0
  SINCE MAR 1      0                         0      0        0
  SINCE JAN 1      0                         0      0        0
..................................................................


WIND (MPH)
  HIGHEST WIND SPEED    15   HIGHEST WIND DIRECTION     S (180)
  HIGHEST GUST SPEED    44   HIGHEST GUST DIRECTION    SW (210)
  AVERAGE WIND SPEED    12.9


SKY COVER
  POSSIBLE SUNSHINE  MM
  AVERAGE SKY COVER 0.3


WEATHER CONDITIONS
 THE FOLLOWING WEATHER WAS RECORDED TODAY.
  NO SIGNIFICANT WEATHER WAS OBSERVED.


RELATIVE HUMIDITY (PERCENT)
 HIGHEST    62          1200 AM
 LOWEST     53           200 AM
 AVERAGE    58

..........................................................


THE ALAMOSA CO CLIMATE NORMALS FOR TOMORROW
                         NORMAL    RECORD    YEAR
 MAXIMUM TEMPERATURE (F)   59        75      1962
 MINIMUM TEMPERATURE (F)   24         4      1999


SUNRISE AND SUNSET
APRIL 15 2015.........SUNRISE   629 AM MDT   SUNSET   739 PM MDT
APRIL 16 2015.........SUNRISE   628 AM MDT   SUNSET   740 PM MDT


-  INDICATES NEGATIVE NUMBERS.
R  INDICATES RECORD WAS SET OR TIED.
MM INDICATES DATA IS MISSING.
T  INDICATES TRACE AMOUNT.




$$
