000
CDUS45 KPUB 211044
CLIALS


CLIMATE REPORT
NATIONAL WEATHER SERVICE PUEBLO
444 AM MDT TUE APR 21 2015


...................................

...THE ALAMOSA CO CLIMATE SUMMARY FOR APRIL 20 2015...

CLIMATE NORMAL PERIOD 1981 TO 2010
CLIMATE RECORD PERIOD 1932 TO 2015


WEATHER ITEM   OBSERVED TIME   RECORD YEAR NORMAL DEPARTURE LAST
                VALUE   (LST)  VALUE       VALUE  FROM      YEAR
                                                  NORMAL
..................................................................
TEMPERATURE (F)
 YESTERDAY
  MAXIMUM         56    301 PM  80    1989  61     -5       68
  MINIMUM         29   1159 PM  11    1982  26      3       41
  AVERAGE         43                        43      0       55

PRECIPITATION (IN)
  YESTERDAY        T             1.22 1952   0.02  -0.02     0.00
  MONTH TO DATE    0.21                      0.38  -0.17     0.98
  SINCE MAR 1      0.61                      0.91  -0.30     1.38
  SINCE JAN 1      1.95                      1.43   0.52     1.50

SNOWFALL (IN)
  YESTERDAY        0.0           6.4  1977   0.1   -0.1      0.0
  MONTH TO DATE    0.7                       2.6   -1.9      6.6
  SINCE MAR 1      0.7                       7.6   -6.9     10.0
  SINCE JUL 1     23.8                      25.7   -1.9     38.1
  SNOW DEPTH       0

DEGREE DAYS
 HEATING
  YESTERDAY       22                        22      0       10
  MONTH TO DATE  434                       493    -59      453
  SINCE MAR 1   1219                      1470   -251     1328
  SINCE JUL 1   6711                      7799  -1088     7896

 COOLING
  YESTERDAY        0                         0      0        0
  MONTH TO DATE    0                         0      0        0
  SINCE MAR 1      0                         0      0        0
  SINCE JAN 1      0                         0      0        0
..................................................................


WIND (MPH)
  HIGHEST WIND SPEED    23   HIGHEST WIND DIRECTION     N (360)
  HIGHEST GUST SPEED    29   HIGHEST GUST DIRECTION     N (10)
  AVERAGE WIND SPEED     7.9


SKY COVER
  POSSIBLE SUNSHINE  MM
  AVERAGE SKY COVER 0.7


WEATHER CONDITIONS
 THE FOLLOWING WEATHER WAS RECORDED YESTERDAY.
  LIGHT RAIN


RELATIVE HUMIDITY (PERCENT)
 HIGHEST    72           100 AM
 LOWEST     28           600 PM
 AVERAGE    50

..........................................................


THE ALAMOSA CO CLIMATE NORMALS FOR TODAY
                         NORMAL    RECORD    YEAR
 MAXIMUM TEMPERATURE (F)   61        79      1989
 MINIMUM TEMPERATURE (F)   26        10      1907


SUNRISE AND SUNSET
APRIL 21 2015.........SUNRISE   621 AM MDT   SUNSET   744 PM MDT
APRIL 22 2015.........SUNRISE   620 AM MDT   SUNSET   745 PM MDT


-  INDICATES NEGATIVE NUMBERS.
R  INDICATES RECORD WAS SET OR TIED.
MM INDICATES DATA IS MISSING.
T  INDICATES TRACE AMOUNT.




$$
