000
CDUS45 KPUB 290023
CLIALS


CLIMATE REPORT
NATIONAL WEATHER SERVICE PUEBLO
623 PM MDT TUE APR 28 2015


...................................

...THE ALAMOSA CO CLIMATE SUMMARY FOR APRIL 28 2015...
VALID TODAY AS OF 0500 PM LOCAL TIME.

CLIMATE NORMAL PERIOD 1981 TO 2010
CLIMATE RECORD PERIOD 1932 TO 2015


WEATHER ITEM   OBSERVED TIME   RECORD YEAR NORMAL DEPARTURE LAST
                VALUE   (LST)  VALUE       VALUE  FROM      YEAR
                                                  NORMAL
..................................................................
TEMPERATURE (F)
 TODAY
  MAXIMUM         60    412 PM  78    1992  63     -3       50
  MINIMUM         23    523 AM  11    2011  28     -5       18
  AVERAGE         42                        46     -4       34

PRECIPITATION (IN)
  TODAY            0.00          0.51 1985   0.02  -0.02      T
  MONTH TO DATE    0.43                      0.55  -0.12     1.06
  SINCE MAR 1      0.83                      1.08  -0.25     1.46
  SINCE JAN 1      2.17                      1.60   0.57     1.58

SNOWFALL (IN)
  TODAY            0.0           2.2  2006   0.0    0.0      0.0
  MONTH TO DATE    0.7                       3.4   -2.7      7.0
  SINCE MAR 1      0.7                       8.4   -7.7     10.4
  SINCE JUL 1     23.8                      26.5   -2.7     38.5
  SNOW DEPTH       0

DEGREE DAYS
 HEATING
  TODAY           23                        19      4       31
  MONTH TO DATE  613                       657    -44      608
  SINCE MAR 1   1398                      1634   -236     1483
  SINCE JUL 1   6890                      7963  -1073     8051

 COOLING
  TODAY            0                         0      0        0
  MONTH TO DATE    0                         0      0        0
  SINCE MAR 1      0                         0      0        0
  SINCE JAN 1      0                         0      0        0
..................................................................


WIND (MPH)
  HIGHEST WIND SPEED    13   HIGHEST WIND DIRECTION    NW (330)
  HIGHEST GUST SPEED    17   HIGHEST GUST DIRECTION    NW (310)
  AVERAGE WIND SPEED     4.8


SKY COVER
  POSSIBLE SUNSHINE  MM
  AVERAGE SKY COVER 0.0


WEATHER CONDITIONS
 THE FOLLOWING WEATHER WAS RECORDED TODAY.
  NO SIGNIFICANT WEATHER WAS OBSERVED.


RELATIVE HUMIDITY (PERCENT)
 HIGHEST    92           600 AM
 LOWEST     13           400 PM
 AVERAGE    53

..........................................................


THE ALAMOSA CO CLIMATE NORMALS FOR TOMORROW
                         NORMAL    RECORD    YEAR
 MAXIMUM TEMPERATURE (F)   64        78      1992
                                             1981
 MINIMUM TEMPERATURE (F)   29         7      1996


SUNRISE AND SUNSET
APRIL 28 2015.........SUNRISE   612 AM MDT   SUNSET   750 PM MDT
APRIL 29 2015.........SUNRISE   611 AM MDT   SUNSET   751 PM MDT


-  INDICATES NEGATIVE NUMBERS.
R  INDICATES RECORD WAS SET OR TIED.
MM INDICATES DATA IS MISSING.
T  INDICATES TRACE AMOUNT.




$$
