000
CDUS45 KPUB 250022
CLIALS


CLIMATE REPORT
NATIONAL WEATHER SERVICE PUEBLO
620 PM MDT FRI APR 24 2015


...................................

...THE ALAMOSA CO CLIMATE SUMMARY FOR APRIL 24 2015...
VALID TODAY AS OF 0500 PM LOCAL TIME.

CLIMATE NORMAL PERIOD 1981 TO 2010
CLIMATE RECORD PERIOD 1932 TO 2015


WEATHER ITEM   OBSERVED TIME   RECORD YEAR NORMAL DEPARTURE LAST
                VALUE   (LST)  VALUE       VALUE  FROM      YEAR
                                                  NORMAL
..................................................................
TEMPERATURE (F)
 TODAY
  MAXIMUM         55    200 PM  79    2012  62     -7       65
  MINIMUM         31    435 AM  12    1970  27      4       24
  AVERAGE         43                        44     -1       45

PRECIPITATION (IN)
  TODAY            T             0.70 1942   0.02  -0.02     0.00
  MONTH TO DATE    0.21                      0.47  -0.26     1.01
  SINCE MAR 1      0.61                      1.00  -0.39     1.41
  SINCE JAN 1      1.95                      1.52   0.43     1.53

SNOWFALL (IN)
  TODAY            0.0           4.8  1980   0.1   -0.1      0.0
  MONTH TO DATE    0.7                       3.1   -2.4      6.6
  SINCE MAR 1      0.7                       8.1   -7.4     10.0
  SINCE JUL 1     23.8                      26.2   -2.4     38.1
  SNOW DEPTH       0

DEGREE DAYS
 HEATING
  TODAY           22                        21      1       20
  MONTH TO DATE  519                       578    -59      515
  SINCE MAR 1   1304                      1555   -251     1390
  SINCE JUL 1   6796                      7884  -1088     7958

 COOLING
  TODAY            0                         0      0        0
  MONTH TO DATE    0                         0      0        0
  SINCE MAR 1      0                         0      0        0
  SINCE JAN 1      0                         0      0        0
..................................................................


WIND (MPH)
  HIGHEST WIND SPEED    28   HIGHEST WIND DIRECTION    NW (320)
  HIGHEST GUST SPEED    37   HIGHEST GUST DIRECTION    NW (330)
  AVERAGE WIND SPEED     8.0


SKY COVER
  POSSIBLE SUNSHINE  MM
  AVERAGE SKY COVER 0.5


WEATHER CONDITIONS
 THE FOLLOWING WEATHER WAS RECORDED TODAY.
  LIGHT RAIN


RELATIVE HUMIDITY (PERCENT)
 HIGHEST    82           400 AM
 LOWEST     22           200 PM
 AVERAGE    52

..........................................................


THE ALAMOSA CO CLIMATE NORMALS FOR TOMORROW
                         NORMAL    RECORD    YEAR
 MAXIMUM TEMPERATURE (F)   62        77      2012
                                             1949
 MINIMUM TEMPERATURE (F)   27        11      1950


SUNRISE AND SUNSET
APRIL 24 2015.........SUNRISE   617 AM MDT   SUNSET   747 PM MDT
APRIL 25 2015.........SUNRISE   616 AM MDT   SUNSET   748 PM MDT


-  INDICATES NEGATIVE NUMBERS.
R  INDICATES RECORD WAS SET OR TIED.
MM INDICATES DATA IS MISSING.
T  INDICATES TRACE AMOUNT.




$$
