000
CDUS45 KPUB 162329
CLICOS


CLIMATE REPORT
NATIONAL WEATHER SERVICE PUEBLO
529 PM MDT THU APR 16 2015


...................................

...THE COLORADO SPRINGS CO CLIMATE SUMMARY FOR APRIL 16 2015...
VALID TODAY AS OF 0500 PM LOCAL TIME.

CLIMATE NORMAL PERIOD 1981 TO 2010
CLIMATE RECORD PERIOD 1872 TO 2015


WEATHER ITEM   OBSERVED TIME   RECORD YEAR NORMAL DEPARTURE LAST
                VALUE   (LST)  VALUE       VALUE  FROM      YEAR
                                                  NORMAL
..................................................................
TEMPERATURE (F)
 TODAY
  MAXIMUM         37    352 PM  80    1985  60    -23       56
  MINIMUM         33    745 AM  17    1904  33      0       34
  AVERAGE         35                        46    -11       45

PRECIPITATION (IN)
  TODAY            0.02          0.72 2007   0.05  -0.03     0.16
  MONTH TO DATE    0.06                      0.63  -0.57     0.90
  SINCE MAR 1      0.87                      1.63  -0.76     1.32
  SINCE JAN 1      3.19                      2.29   0.90     2.21

SNOWFALL (IN)
  TODAY            T             3.5  1947   0.1   -0.1       T
                                      1944
  MONTH TO DATE    0.2                       2.9   -2.7      7.5
  SINCE MAR 1      4.1                      11.0   -6.9     10.3
  SINCE JUL 1     45.0                      35.0   10.0     34.4
  SNOW DEPTH       0

DEGREE DAYS
 HEATING
  TODAY           30                        18     12       20
  MONTH TO DATE  253                       327    -74      329
  SINCE MAR 1    922                      1132   -210     1110
  SINCE JUL 1   5143                      5695   -552     5597

 COOLING
  TODAY            0                         0      0        0
  MONTH TO DATE    0                         0      0        0
  SINCE MAR 1      0                         0      0        0
  SINCE JAN 1      0                         0      0        0
..................................................................


WIND (MPH)
  HIGHEST WIND SPEED    33   HIGHEST WIND DIRECTION    NW (320)
  HIGHEST GUST SPEED    45   HIGHEST GUST DIRECTION    NW (310)
  AVERAGE WIND SPEED    20.7


SKY COVER
  POSSIBLE SUNSHINE  MM
  AVERAGE SKY COVER 0.9


WEATHER CONDITIONS
 THE FOLLOWING WEATHER WAS RECORDED TODAY.
  MIXED PRECIP
  LIGHT RAIN
  LIGHT SNOW
  HAZE


RELATIVE HUMIDITY (PERCENT)
 HIGHEST    82           800 AM
 LOWEST     64          1200 AM
 AVERAGE    73

..........................................................


THE COLORADO SPRINGS CO CLIMATE NORMALS FOR TOMORROW
                         NORMAL    RECORD    YEAR
 MAXIMUM TEMPERATURE (F)   60        80      1994
 MINIMUM TEMPERATURE (F)   34        12      1901


SUNRISE AND SUNSET
APRIL 16 2015.........SUNRISE   621 AM MDT   SUNSET   737 PM MDT
APRIL 17 2015.........SUNRISE   620 AM MDT   SUNSET   738 PM MDT


-  INDICATES NEGATIVE NUMBERS.
R  INDICATES RECORD WAS SET OR TIED.
MM INDICATES DATA IS MISSING.
T  INDICATES TRACE AMOUNT.




$$
