000
CDUS45 KPUB 161031
CLICOS


CLIMATE REPORT
NATIONAL WEATHER SERVICE PUEBLO
431 AM MDT THU APR 16 2015


...................................

...THE COLORADO SPRINGS CO CLIMATE SUMMARY FOR APRIL 15 2015...

CLIMATE NORMAL PERIOD 1981 TO 2010
CLIMATE RECORD PERIOD 1872 TO 2015


WEATHER ITEM   OBSERVED TIME   RECORD YEAR NORMAL DEPARTURE LAST
                VALUE   (LST)  VALUE       VALUE  FROM      YEAR
                                                  NORMAL
..................................................................
TEMPERATURE (F)
 YESTERDAY
  MAXIMUM         67    138 PM  81    2002  60      7       64
  MINIMUM         37   1159 PM  15    1961  33      4       22
                                      1945
                                      1902
  AVERAGE         52                        46      6       43

PRECIPITATION (IN)
  YESTERDAY        0.00          4.27 1921   0.05  -0.05     0.00
  MONTH TO DATE    0.04                      0.58  -0.54     0.74
  SINCE MAR 1      0.85                      1.58  -0.73     1.16
  SINCE JAN 1      3.17                      2.24   0.93     2.05

SNOWFALL (IN)
  YESTERDAY        0.0           6.7  1998   0.2   -0.2      0.0
  MONTH TO DATE    0.2                       2.8   -2.6      7.5
  SINCE MAR 1      4.1                      10.9   -6.8     10.3
  SINCE JUL 1     45.0                      34.9   10.1     34.4
  SNOW DEPTH       0

DEGREE DAYS
 HEATING
  YESTERDAY       13                        19     -6       22
  MONTH TO DATE  223                       309    -86      309
  SINCE MAR 1    892                      1114   -222     1090
  SINCE JUL 1   5113                      5677   -564     5577

 COOLING
  YESTERDAY        0                         0      0        0
  MONTH TO DATE    0                         0      0        0
  SINCE MAR 1      0                         0      0        0
  SINCE JAN 1      0                         0      0        0
..................................................................


WIND (MPH)
  HIGHEST WIND SPEED    44   HIGHEST WIND DIRECTION    SW (210)
  HIGHEST GUST SPEED    53   HIGHEST GUST DIRECTION     S (200)
  AVERAGE WIND SPEED    19.2


SKY COVER
  POSSIBLE SUNSHINE  MM
  AVERAGE SKY COVER 0.3


WEATHER CONDITIONS
 THE FOLLOWING WEATHER WAS RECORDED YESTERDAY.
  NO SIGNIFICANT WEATHER WAS OBSERVED.


RELATIVE HUMIDITY (PERCENT)
 HIGHEST    64           900 PM
 LOWEST      4           200 PM
 AVERAGE    34

..........................................................


THE COLORADO SPRINGS CO CLIMATE NORMALS FOR TODAY
                         NORMAL    RECORD    YEAR
 MAXIMUM TEMPERATURE (F)   60        80      1985
 MINIMUM TEMPERATURE (F)   33        17      1904


SUNRISE AND SUNSET
APRIL 16 2015.........SUNRISE   621 AM MDT   SUNSET   737 PM MDT
APRIL 17 2015.........SUNRISE   620 AM MDT   SUNSET   738 PM MDT


-  INDICATES NEGATIVE NUMBERS.
R  INDICATES RECORD WAS SET OR TIED.
MM INDICATES DATA IS MISSING.
T  INDICATES TRACE AMOUNT.




$$
