000
CDUS45 KPUB 231032
CLICOS


CLIMATE REPORT
NATIONAL WEATHER SERVICE PUEBLO
432 AM MDT THU APR 23 2015


...................................

...THE COLORADO SPRINGS CO CLIMATE SUMMARY FOR APRIL 22 2015...

CLIMATE NORMAL PERIOD 1981 TO 2010
CLIMATE RECORD PERIOD 1872 TO 2015


WEATHER ITEM   OBSERVED TIME   RECORD YEAR NORMAL DEPARTURE LAST
                VALUE   (LST)  VALUE       VALUE  FROM      YEAR
                                                  NORMAL
..................................................................
TEMPERATURE (F)
 YESTERDAY
  MAXIMUM         61    242 PM  83    1989  62     -1       77
  MINIMUM         37    641 AM  21    1982  35      2       39
  AVERAGE         49                        48      1       58

PRECIPITATION (IN)
  YESTERDAY        0.00          0.89 1999   0.06  -0.06      T
  MONTH TO DATE    0.74                      0.95  -0.21     0.90
  SINCE MAR 1      1.55                      1.95  -0.40     1.32
  SINCE JAN 1      3.87                      2.61   1.26     2.21

SNOWFALL (IN)
  YESTERDAY        0.0           1.8  1909   0.2   -0.2      0.0
  MONTH TO DATE    1.7                       3.9   -2.2      7.5
  SINCE MAR 1      5.6                      12.0   -6.4     10.3
  SINCE JUL 1     46.5                      36.0   10.5     34.4
  SNOW DEPTH       0

DEGREE DAYS
 HEATING
  YESTERDAY       16                        17     -1        7
  MONTH TO DATE  374                       432    -58      392
  SINCE MAR 1   1043                      1237   -194     1173
  SINCE JUL 1   5264                      5800   -536     5660

 COOLING
  YESTERDAY        0                         0      0        0
  MONTH TO DATE    0                         0      0        0
  SINCE MAR 1      0                         0      0        0
  SINCE JAN 1      0                         0      0        0
..................................................................


WIND (MPH)
  HIGHEST WIND SPEED    25   HIGHEST WIND DIRECTION     S (160)
  HIGHEST GUST SPEED    29   HIGHEST GUST DIRECTION     S (160)
  AVERAGE WIND SPEED     7.5


SKY COVER
  POSSIBLE SUNSHINE  MM
  AVERAGE SKY COVER 0.5


WEATHER CONDITIONS
 THE FOLLOWING WEATHER WAS RECORDED YESTERDAY.
  NO SIGNIFICANT WEATHER WAS OBSERVED.


RELATIVE HUMIDITY (PERCENT)
 HIGHEST    82           600 AM
 LOWEST     43           100 PM
 AVERAGE    63

..........................................................


THE COLORADO SPRINGS CO CLIMATE NORMALS FOR TODAY
                         NORMAL    RECORD    YEAR
 MAXIMUM TEMPERATURE (F)   62        81      2006
                                             1989
 MINIMUM TEMPERATURE (F)   35        20      2013
                                             1995
                                             1909


SUNRISE AND SUNSET
APRIL 23 2015.........SUNRISE   612 AM MDT   SUNSET   743 PM MDT
APRIL 24 2015.........SUNRISE   610 AM MDT   SUNSET   744 PM MDT


-  INDICATES NEGATIVE NUMBERS.
R  INDICATES RECORD WAS SET OR TIED.
MM INDICATES DATA IS MISSING.
T  INDICATES TRACE AMOUNT.




$$
