000
CDUS45 KPUB 031038
CLICOS


CLIMATE REPORT
NATIONAL WEATHER SERVICE PUEBLO
438 AM MDT SUN MAY 3 2015


...................................

...THE COLORADO SPRINGS CO CLIMATE SUMMARY FOR MAY 2 2015...

CLIMATE NORMAL PERIOD 1981 TO 2010
CLIMATE RECORD PERIOD 1872 TO 2015


WEATHER ITEM   OBSERVED TIME   RECORD YEAR NORMAL DEPARTURE LAST
                VALUE   (LST)  VALUE       VALUE  FROM      YEAR
                                                  NORMAL
..................................................................
TEMPERATURE (F)
 YESTERDAY
  MAXIMUM         76    103 PM  81    1981  65     11       73
  MINIMUM         42    215 AM  21    1954  38      4       29
  AVERAGE         59                        52      7       51

PRECIPITATION (IN)
  YESTERDAY        0.03          1.72 1904   0.06  -0.03     0.00
  MONTH TO DATE    0.05                      0.11  -0.06     0.00
  SINCE MAR 1      1.83                      2.53  -0.70     1.34
  SINCE JAN 1      4.15                      3.19   0.96     2.23

SNOWFALL (IN)
  YESTERDAY        0.0           3.2  2001   0.0    0.0      0.0
                                      1907
  MONTH TO DATE    0.0                       0.1   -0.1      0.0
  SINCE MAR 1      5.6                      13.1   -7.5     10.3
  SINCE JUL 1     46.5                      37.1    9.4     34.4
  SNOW DEPTH       0

DEGREE DAYS
 HEATING
  YESTERDAY        6                        13     -7       14
  MONTH TO DATE   14                        27    -13       34
  SINCE MAR 1   1172                      1386   -214     1332
  SINCE JUL 1   5393                      5949   -556     5819

 COOLING
  YESTERDAY        0                         0      0        0
  MONTH TO DATE    0                         0      0        0
  SINCE MAR 1      0                         1     -1        0
  SINCE JAN 1      0                         1     -1        0
..................................................................


WIND (MPH)
  HIGHEST WIND SPEED    24   HIGHEST WIND DIRECTION    SW (220)
  HIGHEST GUST SPEED    33   HIGHEST GUST DIRECTION    SW (220)
  AVERAGE WIND SPEED     8.6


SKY COVER
  POSSIBLE SUNSHINE  MM
  AVERAGE SKY COVER 0.7


WEATHER CONDITIONS
 THE FOLLOWING WEATHER WAS RECORDED YESTERDAY.
  THUNDERSTORM
  LIGHT RAIN
  HAIL


RELATIVE HUMIDITY (PERCENT)
 HIGHEST    83           200 AM
 LOWEST     19          1100 AM
 AVERAGE    51

..........................................................


THE COLORADO SPRINGS CO CLIMATE NORMALS FOR TODAY
                         NORMAL    RECORD    YEAR
 MAXIMUM TEMPERATURE (F)   65        82      1963
 MINIMUM TEMPERATURE (F)   39        17      1907


SUNRISE AND SUNSET
MAY  3 2015...........SUNRISE   559 AM MDT   SUNSET   753 PM MDT
MAY  4 2015...........SUNRISE   558 AM MDT   SUNSET   754 PM MDT


-  INDICATES NEGATIVE NUMBERS.
R  INDICATES RECORD WAS SET OR TIED.
MM INDICATES DATA IS MISSING.
T  INDICATES TRACE AMOUNT.




$$
