000
CDUS45 KPUB 301050
CLICOS


CLIMATE REPORT
NATIONAL WEATHER SERVICE PUEBLO
450 AM MDT THU APR 30 2015


...................................

...THE COLORADO SPRINGS CO CLIMATE SUMMARY FOR APRIL 29 2015...

CLIMATE NORMAL PERIOD 1981 TO 2010
CLIMATE RECORD PERIOD 1872 TO 2015


WEATHER ITEM   OBSERVED TIME   RECORD YEAR NORMAL DEPARTURE LAST
                VALUE   (LST)  VALUE       VALUE  FROM      YEAR
                                                  NORMAL
..................................................................
TEMPERATURE (F)
 YESTERDAY
  MAXIMUM         71    342 PM  81    2007  64      7       53
  MINIMUM         34    521 AM  17    1908  37     -3       32
  AVERAGE         53                        51      2       43

PRECIPITATION (IN)
  YESTERDAY        0.00          1.75 1999   0.06  -0.06     0.02
  MONTH TO DATE    0.97                      1.36  -0.39     0.92
  SINCE MAR 1      1.78                      2.36  -0.58     1.34
  SINCE JAN 1      4.10                      3.02   1.08     2.23

SNOWFALL (IN)
  YESTERDAY        0.0           7.2  1990   0.1   -0.1       T
  MONTH TO DATE    1.7                       4.8   -3.1      7.5
  SINCE MAR 1      5.6                      12.9   -7.3     10.3
  SINCE JUL 1     46.5                      36.9    9.6     34.4
  SNOW DEPTH       0

DEGREE DAYS
 HEATING
  YESTERDAY       12                        14     -2       22
  MONTH TO DATE  484                       539    -55      494
  SINCE MAR 1   1153                      1344   -191     1275
  SINCE JUL 1   5374                      5907   -533     5762

 COOLING
  YESTERDAY        0                         0      0        0
  MONTH TO DATE    0                         0      0        0
  SINCE MAR 1      0                         0      0        0
  SINCE JAN 1      0                         0      0        0
..................................................................


WIND (MPH)
  HIGHEST WIND SPEED    14   HIGHEST WIND DIRECTION     S (170)
  HIGHEST GUST SPEED    19   HIGHEST GUST DIRECTION     S (170)
  AVERAGE WIND SPEED     6.9


SKY COVER
  POSSIBLE SUNSHINE  MM
  AVERAGE SKY COVER 0.2


WEATHER CONDITIONS
 THE FOLLOWING WEATHER WAS RECORDED YESTERDAY.
  NO SIGNIFICANT WEATHER WAS OBSERVED.


RELATIVE HUMIDITY (PERCENT)
 HIGHEST    82           400 AM
 LOWEST     24           500 PM
 AVERAGE    53

..........................................................


THE COLORADO SPRINGS CO CLIMATE NORMALS FOR TODAY
                         NORMAL    RECORD    YEAR
 MAXIMUM TEMPERATURE (F)   64        87      1992
 MINIMUM TEMPERATURE (F)   38        16      1909


SUNRISE AND SUNSET
APRIL 30 2015.........SUNRISE   603 AM MDT   SUNSET   750 PM MDT
MAY  1 2015...........SUNRISE   601 AM MDT   SUNSET   751 PM MDT


-  INDICATES NEGATIVE NUMBERS.
R  INDICATES RECORD WAS SET OR TIED.
MM INDICATES DATA IS MISSING.
T  INDICATES TRACE AMOUNT.




$$
