000
CDUS45 KPUB 201054
CLICOS


CLIMATE REPORT
NATIONAL WEATHER SERVICE PUEBLO
454 AM MDT MON APR 20 2015


...................................

...THE COLORADO SPRINGS CO CLIMATE SUMMARY FOR APRIL 19 2015...

CLIMATE NORMAL PERIOD 1981 TO 2010
CLIMATE RECORD PERIOD 1872 TO 2015


WEATHER ITEM   OBSERVED TIME   RECORD YEAR NORMAL DEPARTURE LAST
                VALUE   (LST)  VALUE       VALUE  FROM      YEAR
                                                  NORMAL
..................................................................
TEMPERATURE (F)
 YESTERDAY
  MAXIMUM         51   1253 PM  79    1962  61    -10       68
  MINIMUM         35   1159 PM  16    1966  34      1       48
  AVERAGE         43                        47     -4       58

PRECIPITATION (IN)
  YESTERDAY        0.01          0.82 1942   0.05  -0.04      T
  MONTH TO DATE    0.74                      0.78  -0.04     0.90
  SINCE MAR 1      1.55                      1.78  -0.23     1.32
  SINCE JAN 1      3.87                      2.44   1.43     2.21

SNOWFALL (IN)
  YESTERDAY        T             3.2  1944   0.2   -0.2      0.0
  MONTH TO DATE    1.7                       3.4   -1.7      7.5
  SINCE MAR 1      5.6                      11.5   -5.9     10.3
  SINCE JUL 1     46.5                      35.5   11.0     34.4
  SNOW DEPTH       0

DEGREE DAYS
 HEATING
  YESTERDAY       22                        18      4        7
  MONTH TO DATE  320                       381    -61      368
  SINCE MAR 1    989                      1186   -197     1149
  SINCE JUL 1   5210                      5749   -539     5636

 COOLING
  YESTERDAY        0                         0      0        0
  MONTH TO DATE    0                         0      0        0
  SINCE MAR 1      0                         0      0        0
  SINCE JAN 1      0                         0      0        0
..................................................................


WIND (MPH)
  HIGHEST WIND SPEED    35   HIGHEST WIND DIRECTION     N (360)
  HIGHEST GUST SPEED    44   HIGHEST GUST DIRECTION     N (10)
  AVERAGE WIND SPEED    15.0


SKY COVER
  POSSIBLE SUNSHINE  MM
  AVERAGE SKY COVER 0.8


WEATHER CONDITIONS
 THE FOLLOWING WEATHER WAS RECORDED YESTERDAY.
  LIGHT RAIN
  SNOW
  LIGHT SNOW
  FOG


RELATIVE HUMIDITY (PERCENT)
 HIGHEST    85           300 AM
 LOWEST     39          1200 PM
 AVERAGE    62

..........................................................


THE COLORADO SPRINGS CO CLIMATE NORMALS FOR TODAY
                         NORMAL    RECORD    YEAR
 MAXIMUM TEMPERATURE (F)   61        81      1989
 MINIMUM TEMPERATURE (F)   34        13      1966


SUNRISE AND SUNSET
APRIL 20 2015.........SUNRISE   616 AM MDT   SUNSET   740 PM MDT
APRIL 21 2015.........SUNRISE   614 AM MDT   SUNSET   741 PM MDT


-  INDICATES NEGATIVE NUMBERS.
R  INDICATES RECORD WAS SET OR TIED.
MM INDICATES DATA IS MISSING.
T  INDICATES TRACE AMOUNT.




$$
