000
CDUS45 KPUB 130020
CLICOS


CLIMATE REPORT
NATIONAL WEATHER SERVICE PUEBLO
620 PM MDT SUN APR 12 2015


...................................

...THE COLORADO SPRINGS CO CLIMATE SUMMARY FOR APRIL 12 2015...
VALID TODAY AS OF 0500 PM LOCAL TIME.

CLIMATE NORMAL PERIOD 1981 TO 2010
CLIMATE RECORD PERIOD 1872 TO 2015


WEATHER ITEM   OBSERVED TIME   RECORD YEAR NORMAL DEPARTURE LAST
                VALUE   (LST)  VALUE       VALUE  FROM      YEAR
                                                  NORMAL
..................................................................
TEMPERATURE (F)
 TODAY
  MAXIMUM         71   1252 PM  77    2010  59     12       71
  MINIMUM         38    247 AM   4    1959  32      6       48
  AVERAGE         55                        45     10       60

PRECIPITATION (IN)
  TODAY            0.00          0.79 1969   0.04  -0.04     0.02
  MONTH TO DATE    0.04                      0.44  -0.40     0.56
  SINCE MAR 1      0.85                      1.44  -0.59     0.98
  SINCE JAN 1      3.17                      2.10   1.07     1.87

SNOWFALL (IN)
  TODAY            0.0           5.0  1896   0.2   -0.2      0.0
  MONTH TO DATE    0.2                       2.3   -2.1      6.0
  SINCE MAR 1      4.1                      10.4   -6.3      8.8
  SINCE JUL 1     45.0                      34.4   10.6     32.9
  SNOW DEPTH       0

DEGREE DAYS
 HEATING
  TODAY           10                        20    -10        5
  MONTH TO DATE  178                       252    -74      220
  SINCE MAR 1    847                      1057   -210     1001
  SINCE JUL 1   5068                      5620   -552     5488

 COOLING
  TODAY            0                         0      0        0
  MONTH TO DATE    0                         0      0        0
  SINCE MAR 1      0                         0      0        0
  SINCE JAN 1      0                         0      0        0
..................................................................


WIND (MPH)
  HIGHEST WIND SPEED    29   HIGHEST WIND DIRECTION     N (20)
  HIGHEST GUST SPEED    38   HIGHEST GUST DIRECTION    NE (30)
  AVERAGE WIND SPEED     9.4


SKY COVER
  POSSIBLE SUNSHINE  MM
  AVERAGE SKY COVER 0.4


WEATHER CONDITIONS
 THE FOLLOWING WEATHER WAS RECORDED TODAY.
  NO SIGNIFICANT WEATHER WAS OBSERVED.


RELATIVE HUMIDITY (PERCENT)
 HIGHEST    28          1200 AM
 LOWEST      9          1100 AM
 AVERAGE    19

..........................................................


THE COLORADO SPRINGS CO CLIMATE NORMALS FOR TOMORROW
                         NORMAL    RECORD    YEAR
 MAXIMUM TEMPERATURE (F)   59        83      2006
 MINIMUM TEMPERATURE (F)   32         8      1997


SUNRISE AND SUNSET
APRIL 12 2015.........SUNRISE   627 AM MDT   SUNSET   733 PM MDT
APRIL 13 2015.........SUNRISE   626 AM MDT   SUNSET   734 PM MDT


-  INDICATES NEGATIVE NUMBERS.
R  INDICATES RECORD WAS SET OR TIED.
MM INDICATES DATA IS MISSING.
T  INDICATES TRACE AMOUNT.




$$
