000
CDUS45 KPUB 141057
CLICOS


CLIMATE REPORT
NATIONAL WEATHER SERVICE PUEBLO
457 AM MDT TUE APR 14 2015


...................................

...THE COLORADO SPRINGS CO CLIMATE SUMMARY FOR APRIL 13 2015...

CLIMATE NORMAL PERIOD 1981 TO 2010
CLIMATE RECORD PERIOD 1872 TO 2015


WEATHER ITEM   OBSERVED TIME   RECORD YEAR NORMAL DEPARTURE LAST
                VALUE   (LST)  VALUE       VALUE  FROM      YEAR
                                                  NORMAL
..................................................................
TEMPERATURE (F)
 YESTERDAY
  MAXIMUM         62    237 PM  83    2006  59      3       48
  MINIMUM         31    524 AM   8    1997  32     -1       20
  AVERAGE         47                        46      1       34

PRECIPITATION (IN)
  YESTERDAY        0.00          1.82 1967   0.05  -0.05     0.18
  MONTH TO DATE    0.04                      0.49  -0.45     0.74
  SINCE MAR 1      0.85                      1.49  -0.64     1.16
  SINCE JAN 1      3.17                      2.15   1.02     2.05

SNOWFALL (IN)
  YESTERDAY        0.0          13.9  1967   0.2   -0.2      1.5
  MONTH TO DATE    0.2                       2.5   -2.3      7.5
  SINCE MAR 1      4.1                      10.6   -6.5     10.3
  SINCE JUL 1     45.0                      34.6   10.4     34.4
  SNOW DEPTH       0

DEGREE DAYS
 HEATING
  YESTERDAY       18                        19     -1       31
  MONTH TO DATE  196                       271    -75      251
  SINCE MAR 1    865                      1076   -211     1032
  SINCE JUL 1   5086                      5639   -553     5519

 COOLING
  YESTERDAY        0                         0      0        0
  MONTH TO DATE    0                         0      0        0
  SINCE MAR 1      0                         0      0        0
  SINCE JAN 1      0                         0      0        0
..................................................................


WIND (MPH)
  HIGHEST WIND SPEED    24   HIGHEST WIND DIRECTION    SE (150)
  HIGHEST GUST SPEED    39   HIGHEST GUST DIRECTION     S (180)
  AVERAGE WIND SPEED    12.0


SKY COVER
  POSSIBLE SUNSHINE  MM
  AVERAGE SKY COVER 0.5


WEATHER CONDITIONS
 THE FOLLOWING WEATHER WAS RECORDED YESTERDAY.
  NO SIGNIFICANT WEATHER WAS OBSERVED.


RELATIVE HUMIDITY (PERCENT)
 HIGHEST    70           400 AM
 LOWEST     19           500 PM
 AVERAGE    45

..........................................................


THE COLORADO SPRINGS CO CLIMATE NORMALS FOR TODAY
                         NORMAL    RECORD    YEAR
 MAXIMUM TEMPERATURE (F)   59        81      2002
 MINIMUM TEMPERATURE (F)   33         8      1933


SUNRISE AND SUNSET
APRIL 14 2015.........SUNRISE   624 AM MDT   SUNSET   735 PM MDT
APRIL 15 2015.........SUNRISE   623 AM MDT   SUNSET   736 PM MDT


-  INDICATES NEGATIVE NUMBERS.
R  INDICATES RECORD WAS SET OR TIED.
MM INDICATES DATA IS MISSING.
T  INDICATES TRACE AMOUNT.




$$
