000
CDUS45 KPUB 272320
CLICOS


CLIMATE REPORT
NATIONAL WEATHER SERVICE PUEBLO
520 PM MDT MON APR 27 2015


...................................

...THE COLORADO SPRINGS CO CLIMATE SUMMARY FOR APRIL 27 2015...
VALID TODAY AS OF 0500 PM LOCAL TIME.

CLIMATE NORMAL PERIOD 1981 TO 2010
CLIMATE RECORD PERIOD 1872 TO 2015


WEATHER ITEM   OBSERVED TIME   RECORD YEAR NORMAL DEPARTURE LAST
                VALUE   (LST)  VALUE       VALUE  FROM      YEAR
                                                  NORMAL
..................................................................
TEMPERATURE (F)
 TODAY
  MAXIMUM         48    221 PM  82    1992  63    -15       56
  MINIMUM         37    629 AM  17    1984  37      0       37
  AVERAGE         43                        50     -7       47

PRECIPITATION (IN)
  TODAY            0.05          1.55 1941   0.06  -0.01      T
  MONTH TO DATE    0.97                      1.24  -0.27     0.90
  SINCE MAR 1      1.78                      2.24  -0.46     1.32
  SINCE JAN 1      4.10                      2.90   1.20     2.21

SNOWFALL (IN)
  TODAY            0.0           4.1  1957   0.1   -0.1      0.0
  MONTH TO DATE    1.7                       4.5   -2.8      7.5
  SINCE MAR 1      5.6                      12.6   -7.0     10.3
  SINCE JUL 1     46.5                      36.6    9.9     34.4
  SNOW DEPTH       0

DEGREE DAYS
 HEATING
  TODAY           22                        15      7       18
  MONTH TO DATE  453                       510    -57      451
  SINCE MAR 1   1122                      1315   -193     1232
  SINCE JUL 1   5343                      5878   -535     5719

 COOLING
  TODAY            0                         0      0        0
  MONTH TO DATE    0                         0      0        0
  SINCE MAR 1      0                         0      0        0
  SINCE JAN 1      0                         0      0        0
..................................................................


WIND (MPH)
  HIGHEST WIND SPEED    18   HIGHEST WIND DIRECTION     N (20)
  HIGHEST GUST SPEED    23   HIGHEST GUST DIRECTION    NW (330)
  AVERAGE WIND SPEED    12.0


SKY COVER
  POSSIBLE SUNSHINE  MM
  AVERAGE SKY COVER 1.0


WEATHER CONDITIONS
 THE FOLLOWING WEATHER WAS RECORDED TODAY.
  LIGHT RAIN
  FOG


RELATIVE HUMIDITY (PERCENT)
 HIGHEST    92          1200 AM
 LOWEST     71           200 PM
 AVERAGE    82

..........................................................


THE COLORADO SPRINGS CO CLIMATE NORMALS FOR TOMORROW
                         NORMAL    RECORD    YEAR
 MAXIMUM TEMPERATURE (F)   64        81      1910
 MINIMUM TEMPERATURE (F)   37        20      1984


SUNRISE AND SUNSET
APRIL 27 2015.........SUNRISE   606 AM MDT   SUNSET   747 PM MDT
APRIL 28 2015.........SUNRISE   605 AM MDT   SUNSET   748 PM MDT


-  INDICATES NEGATIVE NUMBERS.
R  INDICATES RECORD WAS SET OR TIED.
MM INDICATES DATA IS MISSING.
T  INDICATES TRACE AMOUNT.




$$
