000
CDUS45 KPUB 260029
CLICOS


CLIMATE REPORT
NATIONAL WEATHER SERVICE PUEBLO
629 PM MDT WED MAR 25 2015


...................................

...THE COLORADO SPRINGS CO CLIMATE SUMMARY FOR MARCH 25 2015...
VALID TODAY AS OF 0500 PM LOCAL TIME.

CLIMATE NORMAL PERIOD 1981 TO 2010
CLIMATE RECORD PERIOD 1872 TO 2015


WEATHER ITEM   OBSERVED TIME   RECORD YEAR NORMAL DEPARTURE LAST
                VALUE   (LST)  VALUE       VALUE  FROM      YEAR
                                                  NORMAL
..................................................................
TEMPERATURE (F)
 TODAY
  MAXIMUM         48    107 AM  75    2012  54     -6       50
  MINIMUM         32   1059 AM  -7    1965  28      4       21
  AVERAGE         40                        41     -1       36

PRECIPITATION (IN)
  TODAY            0.03          0.35 1959   0.04  -0.01     0.00
  MONTH TO DATE    0.81                      0.79   0.02     0.42
  SINCE MAR 1      0.81                      0.79   0.02     0.42
  SINCE JAN 1      3.13                      1.45   1.68     1.31

SNOWFALL (IN)
  TODAY            T             5.1  1913   0.3   -0.3      0.0
  MONTH TO DATE    3.9                       6.5   -2.6      2.8
  SINCE MAR 1      3.9                       6.5   -2.6      2.8
  SINCE JUL 1     44.8                      30.5   14.3     26.9
  SNOW DEPTH       0

DEGREE DAYS
 HEATING
  TODAY           25                        24      1       29
  MONTH TO DATE  585                       667    -82      669
  SINCE MAR 1    585                       667    -82      669
  SINCE JUL 1   4806                      5230   -424     5156

 COOLING
  TODAY            0                         0      0        0
  MONTH TO DATE    0                         0      0        0
  SINCE MAR 1      0                         0      0        0
  SINCE JAN 1      0                         0      0        0
..................................................................


WIND (MPH)
  HIGHEST WIND SPEED    35   HIGHEST WIND DIRECTION    NE (30)
  HIGHEST GUST SPEED    41   HIGHEST GUST DIRECTION    NE (30)
  AVERAGE WIND SPEED    15.0


SKY COVER
  POSSIBLE SUNSHINE  MM
  AVERAGE SKY COVER 0.8


WEATHER CONDITIONS
 THE FOLLOWING WEATHER WAS RECORDED TODAY.
  SNOW
  LIGHT SNOW
  FOG
  HAZE


RELATIVE HUMIDITY (PERCENT)
 HIGHEST    92          1100 AM
 LOWEST     34          1200 AM
 AVERAGE    63

..........................................................


THE COLORADO SPRINGS CO CLIMATE NORMALS FOR TOMORROW
                         NORMAL    RECORD    YEAR
 MAXIMUM TEMPERATURE (F)   55        81      1971
 MINIMUM TEMPERATURE (F)   28        -6      1965


SUNRISE AND SUNSET
MARCH 25 2015.........SUNRISE   655 AM MDT   SUNSET   715 PM MDT
MARCH 26 2015.........SUNRISE   653 AM MDT   SUNSET   716 PM MDT


-  INDICATES NEGATIVE NUMBERS.
R  INDICATES RECORD WAS SET OR TIED.
MM INDICATES DATA IS MISSING.
T  INDICATES TRACE AMOUNT.




$$
