000
CDUS45 KPUB 221048
CLICOS


CLIMATE REPORT
NATIONAL WEATHER SERVICE PUEBLO
448 AM MDT WED APR 22 2015


...................................

...THE COLORADO SPRINGS CO CLIMATE SUMMARY FOR APRIL 21 2015...

CLIMATE NORMAL PERIOD 1981 TO 2010
CLIMATE RECORD PERIOD 1872 TO 2015


WEATHER ITEM   OBSERVED TIME   RECORD YEAR NORMAL DEPARTURE LAST
                VALUE   (LST)  VALUE       VALUE  FROM      YEAR
                                                  NORMAL
..................................................................
TEMPERATURE (F)
 YESTERDAY
  MAXIMUM         65    300 PM  83    1989  61      4       65
  MINIMUM         32    525 AM  12    1907  35     -3       45
  AVERAGE         49                        48      1       55

PRECIPITATION (IN)
  YESTERDAY        0.00          0.52 1999   0.05  -0.05      T
  MONTH TO DATE    0.74                      0.89  -0.15     0.90
  SINCE MAR 1      1.55                      1.89  -0.34     1.32
  SINCE JAN 1      3.87                      2.55   1.32     2.21

SNOWFALL (IN)
  YESTERDAY        0.0           4.0  1933   0.2   -0.2      0.0
  MONTH TO DATE    1.7                       3.7   -2.0      7.5
  SINCE MAR 1      5.6                      11.8   -6.2     10.3
  SINCE JUL 1     46.5                      35.8   10.7     34.4
  SNOW DEPTH       0

DEGREE DAYS
 HEATING
  YESTERDAY       16                        17     -1       10
  MONTH TO DATE  358                       415    -57      385
  SINCE MAR 1   1027                      1220   -193     1166
  SINCE JUL 1   5248                      5783   -535     5653

 COOLING
  YESTERDAY        0                         0      0        0
  MONTH TO DATE    0                         0      0        0
  SINCE MAR 1      0                         0      0        0
  SINCE JAN 1      0                         0      0        0
..................................................................


WIND (MPH)
  HIGHEST WIND SPEED    33   HIGHEST WIND DIRECTION    NE (30)
  HIGHEST GUST SPEED    38   HIGHEST GUST DIRECTION    NE (30)
  AVERAGE WIND SPEED     7.3


SKY COVER
  POSSIBLE SUNSHINE  MM
  AVERAGE SKY COVER 0.4


WEATHER CONDITIONS
 THE FOLLOWING WEATHER WAS RECORDED YESTERDAY.
  NO SIGNIFICANT WEATHER WAS OBSERVED.


RELATIVE HUMIDITY (PERCENT)
 HIGHEST    89           300 AM
 LOWEST     23          1100 AM
 AVERAGE    56

..........................................................


THE COLORADO SPRINGS CO CLIMATE NORMALS FOR TODAY
                         NORMAL    RECORD    YEAR
 MAXIMUM TEMPERATURE (F)   62        83      1989
 MINIMUM TEMPERATURE (F)   35        21      1982


SUNRISE AND SUNSET
APRIL 22 2015.........SUNRISE   613 AM MDT   SUNSET   742 PM MDT
APRIL 23 2015.........SUNRISE   612 AM MDT   SUNSET   743 PM MDT


-  INDICATES NEGATIVE NUMBERS.
R  INDICATES RECORD WAS SET OR TIED.
MM INDICATES DATA IS MISSING.
T  INDICATES TRACE AMOUNT.




$$
