000
CDUS45 KPUB 211044
CLICOS


CLIMATE REPORT
NATIONAL WEATHER SERVICE PUEBLO
444 AM MDT TUE APR 21 2015


...................................

...THE COLORADO SPRINGS CO CLIMATE SUMMARY FOR APRIL 20 2015...

CLIMATE NORMAL PERIOD 1981 TO 2010
CLIMATE RECORD PERIOD 1872 TO 2015


WEATHER ITEM   OBSERVED TIME   RECORD YEAR NORMAL DEPARTURE LAST
                VALUE   (LST)  VALUE       VALUE  FROM      YEAR
                                                  NORMAL
..................................................................
TEMPERATURE (F)
 YESTERDAY
  MAXIMUM         53    425 PM  81    1989  61     -8       70
  MINIMUM         33    413 AM  13    1966  34     -1       46
  AVERAGE         43                        48     -5       58

PRECIPITATION (IN)
  YESTERDAY        T             0.72 1933   0.06  -0.06      T
  MONTH TO DATE    0.74                      0.84  -0.10     0.90
  SINCE MAR 1      1.55                      1.84  -0.29     1.32
  SINCE JAN 1      3.87                      2.50   1.37     2.21

SNOWFALL (IN)
  YESTERDAY        T             8.0  1933   0.1   -0.1      0.0
  MONTH TO DATE    1.7                       3.5   -1.8      7.5
  SINCE MAR 1      5.6                      11.6   -6.0     10.3
  SINCE JUL 1     46.5                      35.6   10.9     34.4
  SNOW DEPTH       0

DEGREE DAYS
 HEATING
  YESTERDAY       22                        17      5        7
  MONTH TO DATE  342                       398    -56      375
  SINCE MAR 1   1011                      1203   -192     1156
  SINCE JUL 1   5232                      5766   -534     5643

 COOLING
  YESTERDAY        0                         0      0        0
  MONTH TO DATE    0                         0      0        0
  SINCE MAR 1      0                         0      0        0
  SINCE JAN 1      0                         0      0        0
..................................................................


WIND (MPH)
  HIGHEST WIND SPEED    17   HIGHEST WIND DIRECTION     N (10)
  HIGHEST GUST SPEED    21   HIGHEST GUST DIRECTION     N (10)
  AVERAGE WIND SPEED     6.6


SKY COVER
  POSSIBLE SUNSHINE  MM
  AVERAGE SKY COVER 0.6


WEATHER CONDITIONS
 THE FOLLOWING WEATHER WAS RECORDED YESTERDAY.
  LIGHT RAIN
  LIGHT SNOW


RELATIVE HUMIDITY (PERCENT)
 HIGHEST    79          1100 PM
 LOWEST     44           100 PM
 AVERAGE    62

..........................................................


THE COLORADO SPRINGS CO CLIMATE NORMALS FOR TODAY
                         NORMAL    RECORD    YEAR
 MAXIMUM TEMPERATURE (F)   61        83      1989
 MINIMUM TEMPERATURE (F)   35        12      1907


SUNRISE AND SUNSET
APRIL 21 2015.........SUNRISE   614 AM MDT   SUNSET   741 PM MDT
APRIL 22 2015.........SUNRISE   613 AM MDT   SUNSET   742 PM MDT


-  INDICATES NEGATIVE NUMBERS.
R  INDICATES RECORD WAS SET OR TIED.
MM INDICATES DATA IS MISSING.
T  INDICATES TRACE AMOUNT.




$$
