000
CDUS45 KPUB 061049
CLICOS


CLIMATE REPORT
NATIONAL WEATHER SERVICE PUEBLO
449 AM MDT WED MAY 6 2015


...................................

...THE COLORADO SPRINGS CO CLIMATE SUMMARY FOR MAY 5 2015...

CLIMATE NORMAL PERIOD 1981 TO 2010
CLIMATE RECORD PERIOD 1872 TO 2015


WEATHER ITEM   OBSERVED TIME   RECORD YEAR NORMAL DEPARTURE LAST
                VALUE   (LST)  VALUE       VALUE  FROM      YEAR
                                                  NORMAL
..................................................................
TEMPERATURE (F)
 YESTERDAY
  MAXIMUM         50    328 PM  90    1947  66    -16       81
  MINIMUM         47   1159 PM  23    1917  39      8       55
  AVERAGE         49                        53     -4       68

PRECIPITATION (IN)
  YESTERDAY        0.59          1.93 1978   0.06   0.53     0.00
  MONTH TO DATE    1.90                      0.28   1.62     0.00
  SINCE MAR 1      3.68                      2.70   0.98     1.34
  SINCE JAN 1      6.00                      3.36   2.64     2.23

SNOWFALL (IN)
  YESTERDAY        0.0          14.9  1978   0.0    0.0      0.0
  MONTH TO DATE    T                         0.3   -0.3      0.0
  SINCE MAR 1      5.6                      13.3   -7.7     10.3
  SINCE JUL 1     46.5                      37.3    9.2     34.4
  SNOW DEPTH       0

DEGREE DAYS
 HEATING
  YESTERDAY       16                        12      4        0
  MONTH TO DATE   44                        65    -21       37
  SINCE MAR 1   1202                      1424   -222     1335
  SINCE JUL 1   5423                      5987   -564     5822

 COOLING
  YESTERDAY        0                         0      0        3
  MONTH TO DATE    0                         0      0        3
  SINCE MAR 1      0                         1     -1        3
  SINCE JAN 1      0                         1     -1        3
..................................................................


WIND (MPH)
  HIGHEST WIND SPEED    23   HIGHEST WIND DIRECTION     E (110)
  HIGHEST GUST SPEED    30   HIGHEST GUST DIRECTION     E (100)
  AVERAGE WIND SPEED     9.2


SKY COVER
  POSSIBLE SUNSHINE  MM
  AVERAGE SKY COVER 1.0


WEATHER CONDITIONS
 THE FOLLOWING WEATHER WAS RECORDED YESTERDAY.
  RAIN
  LIGHT RAIN
  FOG


RELATIVE HUMIDITY (PERCENT)
 HIGHEST   100           400 AM
 LOWEST     80           800 PM
 AVERAGE    90

..........................................................


THE COLORADO SPRINGS CO CLIMATE NORMALS FOR TODAY
                         NORMAL    RECORD    YEAR
 MAXIMUM TEMPERATURE (F)   66        83      1955
                                             1934
                                             1916
 MINIMUM TEMPERATURE (F)   40        22      1978


SUNRISE AND SUNSET
MAY  6 2015...........SUNRISE   556 AM MDT   SUNSET   756 PM MDT
MAY  7 2015...........SUNRISE   555 AM MDT   SUNSET   757 PM MDT


-  INDICATES NEGATIVE NUMBERS.
R  INDICATES RECORD WAS SET OR TIED.
MM INDICATES DATA IS MISSING.
T  INDICATES TRACE AMOUNT.




$$
