000
CDUS45 KPUB 010024
CLICOS


CLIMATE REPORT
NATIONAL WEATHER SERVICE PUEBLO
624 PM MDT TUE MAR 31 2015


...................................

...THE COLORADO SPRINGS CO CLIMATE SUMMARY FOR MARCH 31 2015...
VALID TODAY AS OF 0500 PM LOCAL TIME.

CLIMATE NORMAL PERIOD 1981 TO 2010
CLIMATE RECORD PERIOD 1872 TO 2015


WEATHER ITEM   OBSERVED TIME   RECORD YEAR NORMAL DEPARTURE LAST
                VALUE   (LST)  VALUE       VALUE  FROM      YEAR
                                                  NORMAL
..................................................................
TEMPERATURE (F)
 TODAY
  MAXIMUM         74    314 PM  78    2012  56     18       60
  MINIMUM         37    608 AM   5    1954  29      8       31
  AVERAGE         56                        42     14       46

PRECIPITATION (IN)
  TODAY            0.00          0.90 1905   0.03  -0.03     0.00
  MONTH TO DATE    0.81                      1.00  -0.19     0.42
  SINCE MAR 1      0.81                      1.00  -0.19     0.42
  SINCE JAN 1      3.13                      1.66   1.47     1.31

SNOWFALL (IN)
  TODAY            0.0           3.8  1980   0.2   -0.2      0.0
  MONTH TO DATE    3.9                       8.1   -4.2      2.8
  SINCE MAR 1      3.9                       8.1   -4.2      2.8
  SINCE JUL 1     44.8                      32.1   12.7     26.9
  SNOW DEPTH       0

DEGREE DAYS
 HEATING
  TODAY            9                        23    -14       19
  MONTH TO DATE  669                       806   -137      781
  SINCE MAR 1    669                       805   -136      781
  SINCE JUL 1   4890                      5368   -478     5268

 COOLING
  TODAY            0                         0      0        0
  MONTH TO DATE    0                         0      0        0
  SINCE MAR 1      0                         0      0        0
  SINCE JAN 1      0                         0      0        0
..................................................................


WIND (MPH)
  HIGHEST WIND SPEED    30   HIGHEST WIND DIRECTION    SW (210)
  HIGHEST GUST SPEED    39   HIGHEST GUST DIRECTION    SW (240)
  AVERAGE WIND SPEED     8.3


SKY COVER
  POSSIBLE SUNSHINE  MM
  AVERAGE SKY COVER 0.2


WEATHER CONDITIONS
 THE FOLLOWING WEATHER WAS RECORDED TODAY.
  NO SIGNIFICANT WEATHER WAS OBSERVED.


RELATIVE HUMIDITY (PERCENT)
 HIGHEST    52           500 AM
 LOWEST      9           200 PM
 AVERAGE    31

..........................................................


THE COLORADO SPRINGS CO CLIMATE NORMALS FOR TOMORROW
                         NORMAL    RECORD    YEAR
 MAXIMUM TEMPERATURE (F)   56        81      2012
 MINIMUM TEMPERATURE (F)   30         9      1936
                                             1896


SUNRISE AND SUNSET
MARCH 31 2015.........SUNRISE   645 AM MDT   SUNSET   721 PM MDT
APRIL  1 2015.........SUNRISE   644 AM MDT   SUNSET   722 PM MDT


-  INDICATES NEGATIVE NUMBERS.
R  INDICATES RECORD WAS SET OR TIED.
MM INDICATES DATA IS MISSING.
T  INDICATES TRACE AMOUNT.




$$
