000
CDUS45 KPUB 021027
CLICOS


CLIMATE REPORT
NATIONAL WEATHER SERVICE PUEBLO
427 AM MDT SAT MAY 2 2015


...................................

...THE COLORADO SPRINGS CO CLIMATE SUMMARY FOR MAY 1 2015...

CLIMATE NORMAL PERIOD 1981 TO 2010
CLIMATE RECORD PERIOD 1872 TO 2015


WEATHER ITEM   OBSERVED TIME   RECORD YEAR NORMAL DEPARTURE LAST
                VALUE   (LST)  VALUE       VALUE  FROM      YEAR
                                                  NORMAL
..................................................................
TEMPERATURE (F)
 YESTERDAY
  MAXIMUM         65   1153 AM  85    2001  65      0       59
                                      1992
  MINIMUM         48   1159 PM  15    1916  38     10       31
  AVERAGE         57                        51      6       45

PRECIPITATION (IN)
  YESTERDAY        0.02          0.82 1999   0.05  -0.03     0.00
  MONTH TO DATE    0.02                      0.05  -0.03     0.00
  SINCE MAR 1      1.80                      2.47  -0.67     1.34
  SINCE JAN 1      4.12                      3.13   0.99     2.23

SNOWFALL (IN)
  YESTERDAY        0.0           2.3  1954   0.1   -0.1      0.0
                                      1898
  MONTH TO DATE    0.0                       0.1   -0.1      0.0
  SINCE MAR 1      5.6                      13.1   -7.5     10.3
  SINCE JUL 1     46.5                      37.1    9.4     34.4
  SNOW DEPTH       0

DEGREE DAYS
 HEATING
  YESTERDAY        8                        14     -6       20
  MONTH TO DATE    8                        14     -6       20
  SINCE MAR 1   1166                      1373   -207     1318
  SINCE JUL 1   5387                      5936   -549     5805

 COOLING
  YESTERDAY        0                         0      0        0
  MONTH TO DATE    0                         0      0        0
  SINCE MAR 1      0                         1     -1        0
  SINCE JAN 1      0                         1     -1        0
..................................................................


WIND (MPH)
  HIGHEST WIND SPEED    21   HIGHEST WIND DIRECTION     E (100)
  HIGHEST GUST SPEED    25   HIGHEST GUST DIRECTION     N (340)
  AVERAGE WIND SPEED     8.6


SKY COVER
  POSSIBLE SUNSHINE  MM
  AVERAGE SKY COVER 0.7


WEATHER CONDITIONS
 THE FOLLOWING WEATHER WAS RECORDED YESTERDAY.
  THUNDERSTORM
  LIGHT RAIN


RELATIVE HUMIDITY (PERCENT)
 HIGHEST    86           300 AM
 LOWEST     44          1200 PM
 AVERAGE    65

..........................................................


THE COLORADO SPRINGS CO CLIMATE NORMALS FOR TODAY
                         NORMAL    RECORD    YEAR
 MAXIMUM TEMPERATURE (F)   65        81      1981
 MINIMUM TEMPERATURE (F)   38        21      1954


SUNRISE AND SUNSET
MAY  2 2015...........SUNRISE   600 AM MDT   SUNSET   752 PM MDT
MAY  3 2015...........SUNRISE   559 AM MDT   SUNSET   753 PM MDT


-  INDICATES NEGATIVE NUMBERS.
R  INDICATES RECORD WAS SET OR TIED.
MM INDICATES DATA IS MISSING.
T  INDICATES TRACE AMOUNT.




$$
