000
CDUS45 KPUB 270023
CLICOS


CLIMATE REPORT
NATIONAL WEATHER SERVICE PUEBLO
623 PM MDT SUN APR 26 2015


...................................

...THE COLORADO SPRINGS CO CLIMATE SUMMARY FOR APRIL 26 2015...
VALID TODAY AS OF 0500 PM LOCAL TIME.

CLIMATE NORMAL PERIOD 1981 TO 2010
CLIMATE RECORD PERIOD 1872 TO 2015


WEATHER ITEM   OBSERVED TIME   RECORD YEAR NORMAL DEPARTURE LAST
                VALUE   (LST)  VALUE       VALUE  FROM      YEAR
                                                  NORMAL
..................................................................
TEMPERATURE (F)
 TODAY
  MAXIMUM         52   1209 AM  83    1981  63    -11       73
  MINIMUM         42    459 PM  18    1924  36      6       44
  AVERAGE         47                        50     -3       59

PRECIPITATION (IN)
  TODAY            0.03          0.92 1965   0.06  -0.03     0.00
                                      1933
  MONTH TO DATE    0.77                      1.18  -0.41     0.90
  SINCE MAR 1      1.58                      2.18  -0.60     1.32
  SINCE JAN 1      3.90                      2.84   1.06     2.21

SNOWFALL (IN)
  TODAY            0.0           5.0  1969   0.1   -0.1      0.0
  MONTH TO DATE    1.7                       4.4   -2.7      7.5
  SINCE MAR 1      5.6                      12.5   -6.9     10.3
  SINCE JUL 1     46.5                      36.5   10.0     34.4
  SNOW DEPTH       0

DEGREE DAYS
 HEATING
  TODAY           18                        15      3        6
  MONTH TO DATE  430                       495    -65      433
  SINCE MAR 1   1099                      1300   -201     1214
  SINCE JUL 1   5320                      5863   -543     5701

 COOLING
  TODAY            0                         0      0        0
  MONTH TO DATE    0                         0      0        0
  SINCE MAR 1      0                         0      0        0
  SINCE JAN 1      0                         0      0        0
..................................................................


WIND (MPH)
  HIGHEST WIND SPEED    23   HIGHEST WIND DIRECTION     E (90)
  HIGHEST GUST SPEED    27   HIGHEST GUST DIRECTION     E (80)
  AVERAGE WIND SPEED    13.2


SKY COVER
  POSSIBLE SUNSHINE  MM
  AVERAGE SKY COVER 1.0


WEATHER CONDITIONS
 THE FOLLOWING WEATHER WAS RECORDED TODAY.
  LIGHT RAIN
  FOG


RELATIVE HUMIDITY (PERCENT)
 HIGHEST    96           900 AM
 LOWEST     54          1200 AM
 AVERAGE    75

..........................................................


THE COLORADO SPRINGS CO CLIMATE NORMALS FOR TOMORROW
                         NORMAL    RECORD    YEAR
 MAXIMUM TEMPERATURE (F)   63        82      1992
 MINIMUM TEMPERATURE (F)   37        17      1984


SUNRISE AND SUNSET
APRIL 26 2015.........SUNRISE   608 AM MDT   SUNSET   746 PM MDT
APRIL 27 2015.........SUNRISE   606 AM MDT   SUNSET   747 PM MDT


-  INDICATES NEGATIVE NUMBERS.
R  INDICATES RECORD WAS SET OR TIED.
MM INDICATES DATA IS MISSING.
T  INDICATES TRACE AMOUNT.




$$
