000
CDUS45 KPUB 051048
CLICOS


CLIMATE REPORT
NATIONAL WEATHER SERVICE PUEBLO
448 AM MDT TUE MAY 5 2015


...................................

...THE COLORADO SPRINGS CO CLIMATE SUMMARY FOR MAY 4 2015...

CLIMATE NORMAL PERIOD 1981 TO 2010
CLIMATE RECORD PERIOD 1872 TO 2015


WEATHER ITEM   OBSERVED TIME   RECORD YEAR NORMAL DEPARTURE LAST
                VALUE   (LST)  VALUE       VALUE  FROM      YEAR
                                                  NORMAL
..................................................................
TEMPERATURE (F)
 YESTERDAY
  MAXIMUM         64    125 PM  86    2012  66     -2       82
  MINIMUM         47   1021 PM  24    1935  39      8       48
                                      1908
  AVERAGE         56                        52      4       65

PRECIPITATION (IN)
  YESTERDAY        1.26R         1.23 1902   0.06   1.20     0.00
  MONTH TO DATE    1.31                      0.22   1.09     0.00
  SINCE MAR 1      3.09                      2.64   0.45     1.34
  SINCE JAN 1      5.41                      3.30   2.11     2.23

SNOWFALL (IN)
  YESTERDAY        0.0           2.7  1898   0.1   -0.1      0.0
  MONTH TO DATE    T                         0.3   -0.3      0.0
  SINCE MAR 1      5.6                      13.3   -7.7     10.3
  SINCE JUL 1     46.5                      37.3    9.2     34.4
  SNOW DEPTH       0

DEGREE DAYS
 HEATING
  YESTERDAY        9                        13     -4        0
  MONTH TO DATE   28                        53    -25       37
  SINCE MAR 1   1186                      1412   -226     1335
  SINCE JUL 1   5407                      5975   -568     5822

 COOLING
  YESTERDAY        0                         0      0        0
  MONTH TO DATE    0                         0      0        0
  SINCE MAR 1      0                         1     -1        0
  SINCE JAN 1      0                         1     -1        0
..................................................................


WIND (MPH)
  HIGHEST WIND SPEED    25   HIGHEST WIND DIRECTION    NE (30)
  HIGHEST GUST SPEED    29   HIGHEST GUST DIRECTION    NE (30)
  AVERAGE WIND SPEED    10.1


SKY COVER
  POSSIBLE SUNSHINE  MM
  AVERAGE SKY COVER 0.9


WEATHER CONDITIONS
 THE FOLLOWING WEATHER WAS RECORDED YESTERDAY.
  THUNDERSTORM
  HEAVY RAIN
  RAIN
  LIGHT RAIN
  FOG


RELATIVE HUMIDITY (PERCENT)
 HIGHEST    93           300 AM
 LOWEST     48           100 PM
 AVERAGE    71

..........................................................


THE COLORADO SPRINGS CO CLIMATE NORMALS FOR TODAY
                         NORMAL    RECORD    YEAR
 MAXIMUM TEMPERATURE (F)   66        90      1947
 MINIMUM TEMPERATURE (F)   39        23      1917


SUNRISE AND SUNSET
MAY  5 2015...........SUNRISE   557 AM MDT   SUNSET   755 PM MDT
MAY  6 2015...........SUNRISE   556 AM MDT   SUNSET   756 PM MDT


-  INDICATES NEGATIVE NUMBERS.
R  INDICATES RECORD WAS SET OR TIED.
MM INDICATES DATA IS MISSING.
T  INDICATES TRACE AMOUNT.




$$
