000
CDUS45 KPUB 020027
CLIPUB


CLIMATE REPORT
NATIONAL WEATHER SERVICE PUEBLO
626 PM MDT WED APR 1 2015


...................................

...THE PUEBLO CO CLIMATE SUMMARY FOR APRIL 1 2015...
VALID TODAY AS OF 0500 PM LOCAL TIME.

CLIMATE NORMAL PERIOD 1981 TO 2010
CLIMATE RECORD PERIOD 1888 TO 2015


WEATHER ITEM   OBSERVED TIME   RECORD YEAR NORMAL DEPARTURE LAST
                VALUE   (LST)  VALUE       VALUE  FROM      YEAR
                                                  NORMAL
..................................................................
TEMPERATURE (F)
 TODAY
  MAXIMUM         78   1228 PM  87    2012  63     15       70
  MINIMUM         38    542 AM  12    1936  30      8       32
  AVERAGE         58                        46     12       51

PRECIPITATION (IN)
  TODAY            T             1.10 1905   0.03  -0.03     0.00
  MONTH TO DATE    T                         0.03  -0.03     0.00
  SINCE MAR 1      0.57                      0.96  -0.39     0.76
  SINCE JAN 1      1.95                      1.61   0.34     1.49

SNOWFALL (IN)
  TODAY            0.0           8.9  1988   0.2   -0.2      0.0
  MONTH TO DATE    0.0                       0.2   -0.2      0.0
  SINCE MAR 1      1.7                       5.9   -4.2      2.4
  SINCE JUL 1     42.8                      27.7   15.1     21.0
  SNOW DEPTH       0

DEGREE DAYS
 HEATING
  TODAY            7                        19    -12       14
  MONTH TO DATE    7                        19    -12       14
  SINCE MAR 1    615                       721   -106      686
  SINCE JUL 1   4637                      5024   -387     4891

 COOLING
  TODAY            0                         0      0        0
  MONTH TO DATE    0                         0      0        0
  SINCE MAR 1      0                         0      0        0
  SINCE JAN 1      0                         0      0        0
..................................................................


WIND (MPH)
  HIGHEST WIND SPEED    26   HIGHEST WIND DIRECTION    SW (230)
  HIGHEST GUST SPEED    36   HIGHEST GUST DIRECTION    SW (220)
  AVERAGE WIND SPEED     5.7


SKY COVER
  POSSIBLE SUNSHINE  MM
  AVERAGE SKY COVER 0.1


WEATHER CONDITIONS
 THE FOLLOWING WEATHER WAS RECORDED TODAY.
  LIGHT RAIN


RELATIVE HUMIDITY (PERCENT)
 HIGHEST    59           600 AM
 LOWEST     13           100 PM
 AVERAGE    36

..........................................................


THE PUEBLO CO CLIMATE NORMALS FOR TOMORROW
                         NORMAL    RECORD    YEAR
 MAXIMUM TEMPERATURE (F)   63        87      2011
 MINIMUM TEMPERATURE (F)   30         2      1975


SUNRISE AND SUNSET
APRIL  1 2015.........SUNRISE   643 AM MDT   SUNSET   721 PM MDT
APRIL  2 2015.........SUNRISE   642 AM MDT   SUNSET   722 PM MDT


-  INDICATES NEGATIVE NUMBERS.
R  INDICATES RECORD WAS SET OR TIED.
MM INDICATES DATA IS MISSING.
T  INDICATES TRACE AMOUNT.




$$
