000
CDUS45 KPUB 181102
CLIPUB


CLIMATE REPORT
NATIONAL WEATHER SERVICE PUEBLO
502 AM MDT SAT APR 18 2015


...................................

...THE PUEBLO CO CLIMATE SUMMARY FOR APRIL 17 2015...

CLIMATE NORMAL PERIOD 1981 TO 2010
CLIMATE RECORD PERIOD 1888 TO 2015


WEATHER ITEM   OBSERVED TIME   RECORD YEAR NORMAL DEPARTURE LAST
                VALUE   (LST)  VALUE       VALUE  FROM      YEAR
                                                  NORMAL
..................................................................
TEMPERATURE (F)
 YESTERDAY
  MAXIMUM         57    321 PM  88    2006  68    -11       62
                                      1954
  MINIMUM         38    647 AM  17    1901  34      4       37
  AVERAGE         48                        51     -3       50

PRECIPITATION (IN)
  YESTERDAY        0.22          0.88 1970   0.05   0.17      T
  MONTH TO DATE    0.61                      0.70  -0.09     1.09
  SINCE MAR 1      1.18                      1.63  -0.45     1.85
  SINCE JAN 1      2.56                      2.28   0.28     2.58

SNOWFALL (IN)
  YESTERDAY        0.0           4.3  1968   0.1   -0.1      0.0
  MONTH TO DATE    0.0                       2.5   -2.5      8.3
  SINCE MAR 1      1.7                       8.2   -6.5     10.7
  SINCE JUL 1     42.8                      30.0   12.8     29.3
  SNOW DEPTH       0

DEGREE DAYS
 HEATING
  YESTERDAY       17                        14      3       15
  MONTH TO DATE  211                       280    -69      271
  SINCE MAR 1    819                       982   -163      943
  SINCE JUL 1   4841                      5285   -444     5148

 COOLING
  YESTERDAY        0                         0      0        0
  MONTH TO DATE    0                         0      0        2
  SINCE MAR 1      0                         0      0        2
  SINCE JAN 1      0                         0      0        2
..................................................................


WIND (MPH)
  HIGHEST WIND SPEED    25   HIGHEST WIND DIRECTION     S (190)
  HIGHEST GUST SPEED    30   HIGHEST GUST DIRECTION     S (180)
  AVERAGE WIND SPEED     9.6


SKY COVER
  POSSIBLE SUNSHINE  MM
  AVERAGE SKY COVER 0.5


WEATHER CONDITIONS
 THE FOLLOWING WEATHER WAS RECORDED YESTERDAY.
  THUNDERSTORM
  RAIN
  LIGHT RAIN
  FOG


RELATIVE HUMIDITY (PERCENT)
 HIGHEST   100           600 AM
 LOWEST     28           300 PM
 AVERAGE    64

..........................................................


THE PUEBLO CO CLIMATE NORMALS FOR TODAY
                         NORMAL    RECORD    YEAR
 MAXIMUM TEMPERATURE (F)   68        88      2000
                                             1987
 MINIMUM TEMPERATURE (F)   35        20      1922


SUNRISE AND SUNSET
APRIL 18 2015.........SUNRISE   618 AM MDT   SUNSET   737 PM MDT
APRIL 19 2015.........SUNRISE   617 AM MDT   SUNSET   738 PM MDT


-  INDICATES NEGATIVE NUMBERS.
R  INDICATES RECORD WAS SET OR TIED.
MM INDICATES DATA IS MISSING.
T  INDICATES TRACE AMOUNT.




$$
