000
CDUS45 KPUB 171029
CLIPUB


CLIMATE REPORT
NATIONAL WEATHER SERVICE PUEBLO
429 AM MDT FRI APR 17 2015


...................................

...THE PUEBLO CO CLIMATE SUMMARY FOR APRIL 16 2015...

CLIMATE NORMAL PERIOD 1981 TO 2010
CLIMATE RECORD PERIOD 1888 TO 2015


WEATHER ITEM   OBSERVED TIME   RECORD YEAR NORMAL DEPARTURE LAST
                VALUE   (LST)  VALUE       VALUE  FROM      YEAR
                                                  NORMAL
..................................................................
TEMPERATURE (F)
 YESTERDAY
  MAXIMUM         46   1103 AM  85    2006  67    -21       63
                                      1985
                                      1964
  MINIMUM         38   1044 PM  22    2011  34      4       35
  AVERAGE         42                        50     -8       49

PRECIPITATION (IN)
  YESTERDAY        0.39          1.07 2007   0.05   0.34     0.09
  MONTH TO DATE    0.39                      0.65  -0.26     1.09
  SINCE MAR 1      0.96                      1.58  -0.62     1.85
  SINCE JAN 1      2.34                      2.23   0.11     2.58

SNOWFALL (IN)
  YESTERDAY        0.0           1.2  1998   0.2   -0.2      0.0
  MONTH TO DATE    0.0                       2.4   -2.4      8.3
  SINCE MAR 1      1.7                       8.1   -6.4     10.7
  SINCE JUL 1     42.8                      29.9   12.9     29.3
  SNOW DEPTH       0

DEGREE DAYS
 HEATING
  YESTERDAY       23                        14      9       16
  MONTH TO DATE  194                       266    -72      256
  SINCE MAR 1    802                       968   -166      928
  SINCE JUL 1   4824                      5271   -447     5133

 COOLING
  YESTERDAY        0                         0      0        0
  MONTH TO DATE    0                         0      0        2
  SINCE MAR 1      0                         0      0        2
  SINCE JAN 1      0                         0      0        2
..................................................................


WIND (MPH)
  HIGHEST WIND SPEED    44   HIGHEST WIND DIRECTION     N (10)
  HIGHEST GUST SPEED    55   HIGHEST GUST DIRECTION     N (20)
  AVERAGE WIND SPEED    18.3


SKY COVER
  POSSIBLE SUNSHINE  MM
  AVERAGE SKY COVER 0.9


WEATHER CONDITIONS
 THE FOLLOWING WEATHER WAS RECORDED YESTERDAY.
  RAIN
  LIGHT RAIN
  FOG


RELATIVE HUMIDITY (PERCENT)
 HIGHEST    85           400 PM
 LOWEST     53          1200 AM
 AVERAGE    69

..........................................................


THE PUEBLO CO CLIMATE NORMALS FOR TODAY
                         NORMAL    RECORD    YEAR
 MAXIMUM TEMPERATURE (F)   68        88      2006
                                             1954
 MINIMUM TEMPERATURE (F)   34        17      1901


SUNRISE AND SUNSET
APRIL 17 2015.........SUNRISE   620 AM MDT   SUNSET   736 PM MDT
APRIL 18 2015.........SUNRISE   618 AM MDT   SUNSET   737 PM MDT


-  INDICATES NEGATIVE NUMBERS.
R  INDICATES RECORD WAS SET OR TIED.
MM INDICATES DATA IS MISSING.
T  INDICATES TRACE AMOUNT.




$$
