000
CDUS45 KPUB 161031
CLIPUB


CLIMATE REPORT
NATIONAL WEATHER SERVICE PUEBLO
431 AM MDT THU APR 16 2015


...................................

...THE PUEBLO CO CLIMATE SUMMARY FOR APRIL 15 2015...

CLIMATE NORMAL PERIOD 1981 TO 2010
CLIMATE RECORD PERIOD 1888 TO 2015


WEATHER ITEM   OBSERVED TIME   RECORD YEAR NORMAL DEPARTURE LAST
                VALUE   (LST)  VALUE       VALUE  FROM      YEAR
                                                  NORMAL
..................................................................
TEMPERATURE (F)
 YESTERDAY
  MAXIMUM         74    156 PM  89    2002  67      7       70
  MINIMUM         43   1159 PM  20    1996  34      9       26
                                      1961
  AVERAGE         59                        50      9       48

PRECIPITATION (IN)
  YESTERDAY        0.00          1.40 1900   0.05  -0.05     0.00
  MONTH TO DATE    T                         0.60  -0.60     1.00
  SINCE MAR 1      0.57                      1.53  -0.96     1.76
  SINCE JAN 1      1.95                      2.18  -0.23     2.49

SNOWFALL (IN)
  YESTERDAY        0.0           3.0  1916   0.1   -0.1      0.0
  MONTH TO DATE    0.0                       2.2   -2.2      8.3
  SINCE MAR 1      1.7                       7.9   -6.2     10.7
  SINCE JUL 1     42.8                      29.7   13.1     29.3
  SNOW DEPTH       0

DEGREE DAYS
 HEATING
  YESTERDAY        6                        15     -9       17
  MONTH TO DATE  171                       252    -81      240
  SINCE MAR 1    779                       954   -175      912
  SINCE JUL 1   4801                      5257   -456     5117

 COOLING
  YESTERDAY        0                         0      0        0
  MONTH TO DATE    0                         0      0        2
  SINCE MAR 1      0                         0      0        2
  SINCE JAN 1      0                         0      0        2
..................................................................


WIND (MPH)
  HIGHEST WIND SPEED    44   HIGHEST WIND DIRECTION     N (10)
  HIGHEST GUST SPEED    53   HIGHEST GUST DIRECTION     N (10)
  AVERAGE WIND SPEED    17.8


SKY COVER
  POSSIBLE SUNSHINE  MM
  AVERAGE SKY COVER 0.0


WEATHER CONDITIONS
 THE FOLLOWING WEATHER WAS RECORDED YESTERDAY.
  NO SIGNIFICANT WEATHER WAS OBSERVED.


RELATIVE HUMIDITY (PERCENT)
 HIGHEST    57          1100 PM
 LOWEST      3           400 PM
 AVERAGE    30

..........................................................


THE PUEBLO CO CLIMATE NORMALS FOR TODAY
                         NORMAL    RECORD    YEAR
 MAXIMUM TEMPERATURE (F)   67        85      2006
                                             1985
                                             1964
 MINIMUM TEMPERATURE (F)   34        22      2011


SUNRISE AND SUNSET
APRIL 16 2015.........SUNRISE   621 AM MDT   SUNSET   735 PM MDT
APRIL 17 2015.........SUNRISE   620 AM MDT   SUNSET   736 PM MDT


-  INDICATES NEGATIVE NUMBERS.
R  INDICATES RECORD WAS SET OR TIED.
MM INDICATES DATA IS MISSING.
T  INDICATES TRACE AMOUNT.




$$
