000
CDUS45 KPUB 301050
CLIPUB


CLIMATE REPORT
NATIONAL WEATHER SERVICE PUEBLO
450 AM MDT THU APR 30 2015


...................................

...THE PUEBLO CO CLIMATE SUMMARY FOR APRIL 29 2015...

CLIMATE NORMAL PERIOD 1981 TO 2010
CLIMATE RECORD PERIOD 1888 TO 2015


WEATHER ITEM   OBSERVED TIME   RECORD YEAR NORMAL DEPARTURE LAST
                VALUE   (LST)  VALUE       VALUE  FROM      YEAR
                                                  NORMAL
..................................................................
TEMPERATURE (F)
 YESTERDAY
  MAXIMUM         74    429 PM  89    1986  72      2       59
  MINIMUM         36    540 AM  22    1996  38     -2       34
  AVERAGE         55                        55      0       47

PRECIPITATION (IN)
  YESTERDAY        0.00          0.81 1999   0.05  -0.05     0.00
  MONTH TO DATE    1.42                      1.34   0.08     2.06
  SINCE MAR 1      1.99                      2.27  -0.28     2.82
  SINCE JAN 1      3.37                      2.92   0.45     3.55

SNOWFALL (IN)
  YESTERDAY        0.0          12.8  1990   0.1   -0.1      0.0
  MONTH TO DATE    T                         3.7   -3.7      8.3
  SINCE MAR 1      1.7                       9.4   -7.7     10.7
  SINCE JUL 1     42.8                      31.2   11.6     29.3
  SNOW DEPTH       0

DEGREE DAYS
 HEATING
  YESTERDAY       10                        10      0       18
  MONTH TO DATE  379                       426    -47      364
  SINCE MAR 1    987                      1128   -141     1036
  SINCE JUL 1   5009                      5431   -422     5241

 COOLING
  YESTERDAY        0                         0      0        0
  MONTH TO DATE    0                         0      0        2
  SINCE MAR 1      0                         0      0        2
  SINCE JAN 1      0                         0      0        2
..................................................................


WIND (MPH)
  HIGHEST WIND SPEED    15   HIGHEST WIND DIRECTION    SE (120)
  HIGHEST GUST SPEED    17   HIGHEST GUST DIRECTION    SE (140)
  AVERAGE WIND SPEED     4.0


SKY COVER
  POSSIBLE SUNSHINE  MM
  AVERAGE SKY COVER 0.0


WEATHER CONDITIONS
 THE FOLLOWING WEATHER WAS RECORDED YESTERDAY.
  NO SIGNIFICANT WEATHER WAS OBSERVED.


RELATIVE HUMIDITY (PERCENT)
 HIGHEST    92           200 AM
 LOWEST     23           200 PM
 AVERAGE    58

..........................................................


THE PUEBLO CO CLIMATE NORMALS FOR TODAY
                         NORMAL    RECORD    YEAR
 MAXIMUM TEMPERATURE (F)   72        93      1992
 MINIMUM TEMPERATURE (F)   39        19      1903


SUNRISE AND SUNSET
APRIL 30 2015.........SUNRISE   603 AM MDT   SUNSET   748 PM MDT
MAY  1 2015...........SUNRISE   602 AM MDT   SUNSET   749 PM MDT


-  INDICATES NEGATIVE NUMBERS.
R  INDICATES RECORD WAS SET OR TIED.
MM INDICATES DATA IS MISSING.
T  INDICATES TRACE AMOUNT.




$$
