000
CDUS45 KPUB 151033
CLIPUB


CLIMATE REPORT
NATIONAL WEATHER SERVICE PUEBLO
433 AM MDT WED APR 15 2015


...................................

...THE PUEBLO CO CLIMATE SUMMARY FOR APRIL 14 2015...

CLIMATE NORMAL PERIOD 1981 TO 2010
CLIMATE RECORD PERIOD 1888 TO 2015


WEATHER ITEM   OBSERVED TIME   RECORD YEAR NORMAL DEPARTURE LAST
                VALUE   (LST)  VALUE       VALUE  FROM      YEAR
                                                  NORMAL
..................................................................
TEMPERATURE (F)
 YESTERDAY
  MAXIMUM         78    344 PM  86    2002  67     11       41
  MINIMUM         30    556 AM  13    1933  33     -3       24
  AVERAGE         54                        50      4       33

PRECIPITATION (IN)
  YESTERDAY        0.00          0.84 1956   0.04  -0.04      T
  MONTH TO DATE    T                         0.55  -0.55     1.00
  SINCE MAR 1      0.57                      1.48  -0.91     1.76
  SINCE JAN 1      1.95                      2.13  -0.18     2.49

SNOWFALL (IN)
  YESTERDAY        0.0           0.5  1916   0.1   -0.1       T
  MONTH TO DATE    0.0                       2.1   -2.1      8.3
  SINCE MAR 1      1.7                       7.8   -6.1     10.7
  SINCE JUL 1     42.8                      29.6   13.2     29.3
  SNOW DEPTH       0

DEGREE DAYS
 HEATING
  YESTERDAY       11                        15     -4       32
  MONTH TO DATE  165                       237    -72      223
  SINCE MAR 1    773                       939   -166      895
  SINCE JUL 1   4795                      5242   -447     5100

 COOLING
  YESTERDAY        0                         0      0        0
  MONTH TO DATE    0                         0      0        2
  SINCE MAR 1      0                         0      0        2
  SINCE JAN 1      0                         0      0        2
..................................................................


WIND (MPH)
  HIGHEST WIND SPEED    26   HIGHEST WIND DIRECTION    SE (120)
  HIGHEST GUST SPEED    32   HIGHEST GUST DIRECTION     E (110)
  AVERAGE WIND SPEED     9.7


SKY COVER
  POSSIBLE SUNSHINE  MM
  AVERAGE SKY COVER 0.0


WEATHER CONDITIONS
 THE FOLLOWING WEATHER WAS RECORDED YESTERDAY.
  NO SIGNIFICANT WEATHER WAS OBSERVED.


RELATIVE HUMIDITY (PERCENT)
 HIGHEST    53           600 AM
 LOWEST     10           200 PM
 AVERAGE    32

..........................................................


THE PUEBLO CO CLIMATE NORMALS FOR TODAY
                         NORMAL    RECORD    YEAR
 MAXIMUM TEMPERATURE (F)   67        89      2002
 MINIMUM TEMPERATURE (F)   34        20      1996
                                             1961


SUNRISE AND SUNSET
APRIL 15 2015.........SUNRISE   623 AM MDT   SUNSET   734 PM MDT
APRIL 16 2015.........SUNRISE   621 AM MDT   SUNSET   735 PM MDT


-  INDICATES NEGATIVE NUMBERS.
R  INDICATES RECORD WAS SET OR TIED.
MM INDICATES DATA IS MISSING.
T  INDICATES TRACE AMOUNT.




$$
