000
CDUS45 KPUB 011032
CLIPUB


CLIMATE REPORT
NATIONAL WEATHER SERVICE PUEBLO
432 AM MDT FRI MAY 1 2015


...................................

...THE PUEBLO CO CLIMATE SUMMARY FOR APRIL 30 2015...

CLIMATE NORMAL PERIOD 1981 TO 2010
CLIMATE RECORD PERIOD 1888 TO 2015


WEATHER ITEM   OBSERVED TIME   RECORD YEAR NORMAL DEPARTURE LAST
                VALUE   (LST)  VALUE       VALUE  FROM      YEAR
                                                  NORMAL
..................................................................
TEMPERATURE (F)
 YESTERDAY
  MAXIMUM         83    328 PM  93    1992  72     11       59
  MINIMUM         44    442 AM  19    1903  39      5       38
  AVERAGE         64                        55      9       49

PRECIPITATION (IN)
  YESTERDAY        0.00          2.00 1999   0.06  -0.06     0.00
  MONTH TO DATE    1.42                      1.40   0.02     2.06
  SINCE MAR 1      1.99                      2.33  -0.34     2.82
  SINCE JAN 1      3.37                      2.98   0.39     3.55

SNOWFALL (IN)
  YESTERDAY        0.0           4.8  1990   0.1   -0.1      0.0
  MONTH TO DATE    T                         3.8   -3.8      8.3
  SINCE MAR 1      1.7                       9.5   -7.8     10.7
  SINCE JUL 1     42.8                      31.3   11.5     29.3
  SNOW DEPTH       0

DEGREE DAYS
 HEATING
  YESTERDAY        1                        10     -9       16
  MONTH TO DATE  380                       436    -56      380
  SINCE MAR 1    988                      1137   -149     1052
  SINCE JUL 1   5010                      5440   -430     5257

 COOLING
  YESTERDAY        0                         0      0        0
  MONTH TO DATE    0                         2     -2        2
  SINCE MAR 1      0                         2     -2        2
  SINCE JAN 1      0                         2     -2        2
..................................................................


WIND (MPH)
  HIGHEST WIND SPEED    36   HIGHEST WIND DIRECTION     N (10)
  HIGHEST GUST SPEED    41   HIGHEST GUST DIRECTION     N (350)
  AVERAGE WIND SPEED     8.0


SKY COVER
  POSSIBLE SUNSHINE  MM
  AVERAGE SKY COVER 0.0


WEATHER CONDITIONS
 THE FOLLOWING WEATHER WAS RECORDED YESTERDAY.
  NO SIGNIFICANT WEATHER WAS OBSERVED.


RELATIVE HUMIDITY (PERCENT)
 HIGHEST    83           300 AM
 LOWEST     13           200 PM
 AVERAGE    48

..........................................................


THE PUEBLO CO CLIMATE NORMALS FOR TODAY
                         NORMAL    RECORD    YEAR
 MAXIMUM TEMPERATURE (F)   72        94      1992
 MINIMUM TEMPERATURE (F)   39        23      1909


SUNRISE AND SUNSET
MAY  1 2015...........SUNRISE   602 AM MDT   SUNSET   749 PM MDT
MAY  2 2015...........SUNRISE   600 AM MDT   SUNSET   750 PM MDT


-  INDICATES NEGATIVE NUMBERS.
R  INDICATES RECORD WAS SET OR TIED.
MM INDICATES DATA IS MISSING.
T  INDICATES TRACE AMOUNT.




$$
