000
CDUS45 KPUB 271051
CLIPUB


CLIMATE REPORT
NATIONAL WEATHER SERVICE PUEBLO
451 AM MDT FRI MAR 27 2015


...................................

...THE PUEBLO CO CLIMATE SUMMARY FOR MARCH 26 2015...

CLIMATE NORMAL PERIOD 1981 TO 2010
CLIMATE RECORD PERIOD 1888 TO 2015


WEATHER ITEM   OBSERVED TIME   RECORD YEAR NORMAL DEPARTURE LAST
                VALUE   (LST)  VALUE       VALUE  FROM      YEAR
                                                  NORMAL
..................................................................
TEMPERATURE (F)
 YESTERDAY
  MAXIMUM         61    427 PM  84    2004  62     -1       71
  MINIMUM         25    619 AM  -6    1965  28     -3       27
  AVERAGE         43                        45     -2       49

PRECIPITATION (IN)
  YESTERDAY        0.00          0.61 1899   0.04  -0.04     0.00
  MONTH TO DATE    0.57                      0.76  -0.19     0.76
  SINCE MAR 1      0.57                      0.76  -0.19     0.76
  SINCE JAN 1      1.95                      1.41   0.54     1.49

SNOWFALL (IN)
  YESTERDAY        0.0           4.3  1932   0.2   -0.2      0.0
  MONTH TO DATE    1.7                       4.7   -3.0      2.4
  SINCE MAR 1      1.7                       4.7   -3.0      2.4
  SINCE JUL 1     42.8                      26.5   16.3     21.0
  SNOW DEPTH       0

DEGREE DAYS
 HEATING
  YESTERDAY       22                        20      2       16
  MONTH TO DATE  560                       604    -44      602
  SINCE MAR 1    560                       604    -44      602
  SINCE JUL 1   4582                      4907   -325     4807

 COOLING
  YESTERDAY        0                         0      0        0
  MONTH TO DATE    0                         0      0        0
  SINCE MAR 1      0                         0      0        0
  SINCE JAN 1      0                         0      0        0
..................................................................


WIND (MPH)
  HIGHEST WIND SPEED    12   HIGHEST WIND DIRECTION    SW (210)
  HIGHEST GUST SPEED    15   HIGHEST GUST DIRECTION    SE (130)
  AVERAGE WIND SPEED     3.2


SKY COVER
  POSSIBLE SUNSHINE  MM
  AVERAGE SKY COVER 0.0


WEATHER CONDITIONS
 THE FOLLOWING WEATHER WAS RECORDED YESTERDAY.
  NO SIGNIFICANT WEATHER WAS OBSERVED.


RELATIVE HUMIDITY (PERCENT)
 HIGHEST   100          1200 AM
 LOWEST     19           400 PM
 AVERAGE    60

..........................................................


THE PUEBLO CO CLIMATE NORMALS FOR TODAY
                         NORMAL    RECORD    YEAR
 MAXIMUM TEMPERATURE (F)   62        85      1988
 MINIMUM TEMPERATURE (F)   29        -1      1899


SUNRISE AND SUNSET
MARCH 27 2015.........SUNRISE   651 AM MDT   SUNSET   716 PM MDT
MARCH 28 2015.........SUNRISE   650 AM MDT   SUNSET   717 PM MDT


-  INDICATES NEGATIVE NUMBERS.
R  INDICATES RECORD WAS SET OR TIED.
MM INDICATES DATA IS MISSING.
T  INDICATES TRACE AMOUNT.




$$
