000
CDUS45 KPUB 230025
CLIPUB


CLIMATE REPORT
NATIONAL WEATHER SERVICE PUEBLO
625 PM MDT WED APR 22 2015


...................................

...THE PUEBLO CO CLIMATE SUMMARY FOR APRIL 22 2015...
VALID TODAY AS OF 0500 PM LOCAL TIME.

CLIMATE NORMAL PERIOD 1981 TO 2010
CLIMATE RECORD PERIOD 1888 TO 2015


WEATHER ITEM   OBSERVED TIME   RECORD YEAR NORMAL DEPARTURE LAST
                VALUE   (LST)  VALUE       VALUE  FROM      YEAR
                                                  NORMAL
..................................................................
TEMPERATURE (F)
 TODAY
  MAXIMUM         66    259 PM  88    1965  69     -3       79
  MINIMUM         38    549 AM  22    1982  36      2       42
  AVERAGE         52                        52      0       61

PRECIPITATION (IN)
  TODAY            0.00          1.44 2004   0.05  -0.05     0.10
  MONTH TO DATE    0.65                      0.96  -0.31     1.19
  SINCE MAR 1      1.22                      1.89  -0.67     1.95
  SINCE JAN 1      2.60                      2.54   0.06     2.68

SNOWFALL (IN)
  TODAY            0.0           4.2  1909   0.2   -0.2      0.0
  MONTH TO DATE    T                         3.1   -3.1      8.3
  SINCE MAR 1      1.7                       8.8   -7.1     10.7
  SINCE JUL 1     42.8                      30.6   12.2     29.3
  SNOW DEPTH       0

DEGREE DAYS
 HEATING
  TODAY           13                        13      0        4
  MONTH TO DATE  288                       347    -59      290
  SINCE MAR 1    896                      1049   -153      962
  SINCE JUL 1   4918                      5352   -434     5167

 COOLING
  TODAY            0                         0      0        0
  MONTH TO DATE    0                         0      0        2
  SINCE MAR 1      0                         0      0        2
  SINCE JAN 1      0                         0      0        2
..................................................................


WIND (MPH)
  HIGHEST WIND SPEED    18   HIGHEST WIND DIRECTION     E (110)
  HIGHEST GUST SPEED    23   HIGHEST GUST DIRECTION     E (110)
  AVERAGE WIND SPEED     6.9


SKY COVER
  POSSIBLE SUNSHINE  MM
  AVERAGE SKY COVER 0.0


WEATHER CONDITIONS
 THE FOLLOWING WEATHER WAS RECORDED TODAY.
  NO SIGNIFICANT WEATHER WAS OBSERVED.


RELATIVE HUMIDITY (PERCENT)
 HIGHEST    79           400 AM
 LOWEST     34           400 PM
 AVERAGE    57

..........................................................


THE PUEBLO CO CLIMATE NORMALS FOR TOMORROW
                         NORMAL    RECORD    YEAR
 MAXIMUM TEMPERATURE (F)   70        90      1989
 MINIMUM TEMPERATURE (F)   36        20      2013


SUNRISE AND SUNSET
APRIL 22 2015.........SUNRISE   613 AM MDT   SUNSET   741 PM MDT
APRIL 23 2015.........SUNRISE   612 AM MDT   SUNSET   742 PM MDT


-  INDICATES NEGATIVE NUMBERS.
R  INDICATES RECORD WAS SET OR TIED.
MM INDICATES DATA IS MISSING.
T  INDICATES TRACE AMOUNT.




$$
