000
CDUS45 KPUB 291054
CLIPUB


CLIMATE REPORT
NATIONAL WEATHER SERVICE PUEBLO
454 AM MDT WED APR 29 2015


...................................

...THE PUEBLO CO CLIMATE SUMMARY FOR APRIL 28 2015...

CLIMATE NORMAL PERIOD 1981 TO 2010
CLIMATE RECORD PERIOD 1888 TO 2015


WEATHER ITEM   OBSERVED TIME   RECORD YEAR NORMAL DEPARTURE LAST
                VALUE   (LST)  VALUE       VALUE  FROM      YEAR
                                                  NORMAL
..................................................................
TEMPERATURE (F)
 YESTERDAY
  MAXIMUM         61    421 PM  88    1910  71    -10       62
  MINIMUM         37    456 AM  20    1932  38     -1       36
  AVERAGE         49                        55     -6       49

PRECIPITATION (IN)
  YESTERDAY        0.00          1.00 1946   0.06  -0.06     0.01
  MONTH TO DATE    1.42                      1.29   0.13     2.06
  SINCE MAR 1      1.99                      2.22  -0.23     2.82
  SINCE JAN 1      3.37                      2.87   0.50     3.55

SNOWFALL (IN)
  YESTERDAY        0.0           0.6  1917   0.1   -0.1       T
  MONTH TO DATE    T                         3.6   -3.6      8.3
  SINCE MAR 1      1.7                       9.3   -7.6     10.7
  SINCE JUL 1     42.8                      31.1   11.7     29.3
  SNOW DEPTH       0

DEGREE DAYS
 HEATING
  YESTERDAY       16                        11      5       16
  MONTH TO DATE  369                       416    -47      346
  SINCE MAR 1    977                      1118   -141     1018
  SINCE JUL 1   4999                      5421   -422     5223

 COOLING
  YESTERDAY        0                         0      0        0
  MONTH TO DATE    0                         0      0        2
  SINCE MAR 1      0                         0      0        2
  SINCE JAN 1      0                         0      0        2
..................................................................


WIND (MPH)
  HIGHEST WIND SPEED    15   HIGHEST WIND DIRECTION    NE (40)
  HIGHEST GUST SPEED    17   HIGHEST GUST DIRECTION    SE (140)
  AVERAGE WIND SPEED     5.2


SKY COVER
  POSSIBLE SUNSHINE  MM
  AVERAGE SKY COVER 0.3


WEATHER CONDITIONS
 THE FOLLOWING WEATHER WAS RECORDED YESTERDAY.
  NO SIGNIFICANT WEATHER WAS OBSERVED.


RELATIVE HUMIDITY (PERCENT)
 HIGHEST    85           500 AM
 LOWEST     35          1000 AM
 AVERAGE    60

..........................................................


THE PUEBLO CO CLIMATE NORMALS FOR TODAY
                         NORMAL    RECORD    YEAR
 MAXIMUM TEMPERATURE (F)   72        89      1986
 MINIMUM TEMPERATURE (F)   38        22      1996


SUNRISE AND SUNSET
APRIL 29 2015.........SUNRISE   604 AM MDT   SUNSET   747 PM MDT
APRIL 30 2015.........SUNRISE   603 AM MDT   SUNSET   748 PM MDT


-  INDICATES NEGATIVE NUMBERS.
R  INDICATES RECORD WAS SET OR TIED.
MM INDICATES DATA IS MISSING.
T  INDICATES TRACE AMOUNT.




$$
