000
CDUS45 KPUB 140035
CLIPUB


CLIMATE REPORT
NATIONAL WEATHER SERVICE PUEBLO
635 PM MDT MON APR 13 2015


...................................

...THE PUEBLO CO CLIMATE SUMMARY FOR APRIL 13 2015...
VALID TODAY AS OF 0500 PM LOCAL TIME.

CLIMATE NORMAL PERIOD 1981 TO 2010
CLIMATE RECORD PERIOD 1888 TO 2015


WEATHER ITEM   OBSERVED TIME   RECORD YEAR NORMAL DEPARTURE LAST
                VALUE   (LST)  VALUE       VALUE  FROM      YEAR
                                                  NORMAL
..................................................................
TEMPERATURE (F)
 TODAY
  MAXIMUM         67    241 PM  90    2006  66      1       58
  MINIMUM         31    515 AM  11    1997  33     -2       25
  AVERAGE         49                        50     -1       42

PRECIPITATION (IN)
  TODAY            0.00          1.99 1967   0.04  -0.04     0.40
  MONTH TO DATE    T                         0.51  -0.51     1.00
  SINCE MAR 1      0.57                      1.44  -0.87     1.76
  SINCE JAN 1      1.95                      2.09  -0.14     2.49

SNOWFALL (IN)
  TODAY            0.0           5.2  2014   0.1   -0.1      5.2
  MONTH TO DATE    0.0                       2.0   -2.0      8.3
  SINCE MAR 1      1.7                       7.7   -6.0     10.7
  SINCE JUL 1     42.8                      29.5   13.3     29.3
  SNOW DEPTH       0

DEGREE DAYS
 HEATING
  TODAY           16                        15      1       23
  MONTH TO DATE  154                       222    -68      191
  SINCE MAR 1    762                       924   -162      863
  SINCE JUL 1   4784                      5227   -443     5068

 COOLING
  TODAY            0                         0      0        0
  MONTH TO DATE    0                         0      0        2
  SINCE MAR 1      0                         0      0        2
  SINCE JAN 1      0                         0      0        2
..................................................................


WIND (MPH)
  HIGHEST WIND SPEED    24   HIGHEST WIND DIRECTION    SE (130)
  HIGHEST GUST SPEED    34   HIGHEST GUST DIRECTION    SE (120)
  AVERAGE WIND SPEED     7.0


SKY COVER
  POSSIBLE SUNSHINE  MM
  AVERAGE SKY COVER 0.0


WEATHER CONDITIONS
 THE FOLLOWING WEATHER WAS RECORDED TODAY.
  NO SIGNIFICANT WEATHER WAS OBSERVED.


RELATIVE HUMIDITY (PERCENT)
 HIGHEST    64           400 AM
 LOWEST     16           300 PM
 AVERAGE    40

..........................................................


THE PUEBLO CO CLIMATE NORMALS FOR TOMORROW
                         NORMAL    RECORD    YEAR
 MAXIMUM TEMPERATURE (F)   67        86      2002
 MINIMUM TEMPERATURE (F)   33        13      1933


SUNRISE AND SUNSET
APRIL 13 2015.........SUNRISE   626 AM MDT   SUNSET   732 PM MDT
APRIL 14 2015.........SUNRISE   624 AM MDT   SUNSET   733 PM MDT


-  INDICATES NEGATIVE NUMBERS.
R  INDICATES RECORD WAS SET OR TIED.
MM INDICATES DATA IS MISSING.
T  INDICATES TRACE AMOUNT.




$$
