000
CDUS45 KPUB 121048
CLIPUB


CLIMATE REPORT
NATIONAL WEATHER SERVICE PUEBLO
448 AM MDT SUN APR 12 2015


...................................

...THE PUEBLO CO CLIMATE SUMMARY FOR APRIL 11 2015...

CLIMATE NORMAL PERIOD 1981 TO 2010
CLIMATE RECORD PERIOD 1888 TO 2015


WEATHER ITEM   OBSERVED TIME   RECORD YEAR NORMAL DEPARTURE LAST
                VALUE   (LST)  VALUE       VALUE  FROM      YEAR
                                                  NORMAL
..................................................................
TEMPERATURE (F)
 YESTERDAY
  MAXIMUM         73    508 PM  88    1982  66      7       81
  MINIMUM         34    617 AM  11    1995  32      2       38
  AVERAGE         54                        49      5       60

PRECIPITATION (IN)
  YESTERDAY        0.00          0.82 1901   0.05  -0.05     0.00
  MONTH TO DATE    T                         0.42  -0.42     0.60
  SINCE MAR 1      0.57                      1.35  -0.78     1.36
  SINCE JAN 1      1.95                      2.00  -0.05     2.09

SNOWFALL (IN)
  YESTERDAY        0.0           4.2  1952   0.1   -0.1      0.0
  MONTH TO DATE    0.0                       1.7   -1.7      3.1
  SINCE MAR 1      1.7                       7.4   -5.7      5.5
  SINCE JUL 1     42.8                      29.2   13.6     24.1
  SNOW DEPTH       0

DEGREE DAYS
 HEATING
  YESTERDAY       11                        16     -5        5
  MONTH TO DATE  130                       191    -61      168
  SINCE MAR 1    738                       893   -155      840
  SINCE JUL 1   4760                      5196   -436     5045

 COOLING
  YESTERDAY        0                         0      0        0
  MONTH TO DATE    0                         0      0        0
  SINCE MAR 1      0                         0      0        0
  SINCE JAN 1      0                         0      0        0
..................................................................


WIND (MPH)
  HIGHEST WIND SPEED    13   HIGHEST WIND DIRECTION    NW (330)
  HIGHEST GUST SPEED    15   HIGHEST GUST DIRECTION    NW (330)
  AVERAGE WIND SPEED     4.6


SKY COVER
  POSSIBLE SUNSHINE  MM
  AVERAGE SKY COVER 0.0


WEATHER CONDITIONS
 THE FOLLOWING WEATHER WAS RECORDED YESTERDAY.
  NO SIGNIFICANT WEATHER WAS OBSERVED.


RELATIVE HUMIDITY (PERCENT)
 HIGHEST    70           500 AM
 LOWEST      9           100 PM
 AVERAGE    40

..........................................................


THE PUEBLO CO CLIMATE NORMALS FOR TODAY
                         NORMAL    RECORD    YEAR
 MAXIMUM TEMPERATURE (F)   66        83      2010
                                             2003
                                             1982
 MINIMUM TEMPERATURE (F)   33         2      1997


SUNRISE AND SUNSET
APRIL 12 2015.........SUNRISE   627 AM MDT   SUNSET   731 PM MDT
APRIL 13 2015.........SUNRISE   626 AM MDT   SUNSET   732 PM MDT


-  INDICATES NEGATIVE NUMBERS.
R  INDICATES RECORD WAS SET OR TIED.
MM INDICATES DATA IS MISSING.
T  INDICATES TRACE AMOUNT.




$$
